Last updated on 2025-11-03 12:50:03 CET.
| Flavor | Version | Tinstall | Tcheck | Ttotal | Status | Flags | 
|---|---|---|---|---|---|---|
| r-devel-linux-x86_64-debian-clang | 0.1.4 | 3.45 | 36.48 | 39.93 | NOTE | |
| r-devel-linux-x86_64-debian-gcc | 0.1.4 | 2.70 | 27.76 | 30.46 | NOTE | |
| r-devel-linux-x86_64-fedora-clang | 0.1.4 | 58.40 | OK | |||
| r-devel-linux-x86_64-fedora-gcc | 0.1.4 | 55.48 | OK | |||
| r-devel-windows-x86_64 | 0.1.4 | 6.00 | 51.00 | 57.00 | NOTE | |
| r-patched-linux-x86_64 | 0.1.4 | 2.96 | 34.01 | 36.97 | NOTE | |
| r-release-linux-x86_64 | 0.1.4 | 3.32 | 33.70 | 37.02 | NOTE | |
| r-release-macos-arm64 | 0.1.4 | 2.00 | 26.00 | 28.00 | OK | |
| r-release-macos-x86_64 | 0.1.4 | 3.00 | 31.00 | 34.00 | OK | |
| r-release-windows-x86_64 | 0.1.4 | 6.00 | 51.00 | 57.00 | NOTE | |
| r-oldrel-macos-arm64 | 0.1.4 | 2.00 | 19.00 | 21.00 | OK | |
| r-oldrel-macos-x86_64 | 0.1.4 | 3.00 | 30.00 | 33.00 | OK | |
| r-oldrel-windows-x86_64 | 0.1.4 | 6.00 | 59.00 | 65.00 | OK | 
Version: 0.1.4
Check: CRAN incoming feasibility
Result: NOTE
  Maintainer: ‘Alex Pickering <alexvpickering@gmail.com>’
  
  No Authors@R field in DESCRIPTION.
  Please add one, modifying
    Authors@R: person(given = "Alex",
                      family = "Pickering",
                      role = c("aut", "cre"),
                      email = "alexvpickering@gmail.com")
  as necessary.
Flavors: r-devel-linux-x86_64-debian-clang, r-devel-linux-x86_64-debian-gcc
Version: 0.1.4
Check: Rd cross-references
Result: NOTE
  Found the following Rd file(s) with Rd \link{} targets missing package
  anchors:
    downloadablePlot.Rd: renderPlot
    downloadablePlotUI.Rd: plotOutput
  Please provide package anchors for all Rd \link{} targets not in the
  package itself and the base packages.
Flavors: r-devel-linux-x86_64-debian-clang, r-devel-linux-x86_64-debian-gcc, r-devel-windows-x86_64, r-patched-linux-x86_64, r-release-linux-x86_64, r-release-windows-x86_64