Last updated on 2024-06-14 00:53:58 CEST.
Flavor | Version | Tinstall | Tcheck | Ttotal | Status | Flags |
---|---|---|---|---|---|---|
r-devel-linux-x86_64-debian-clang | 1.1.0 | 8.92 | 35.16 | 44.08 | NOTE | |
r-devel-linux-x86_64-debian-gcc | 1.1.0 | 4.16 | 27.07 | 31.23 | NOTE | |
r-devel-linux-x86_64-fedora-clang | 1.1.0 | 52.35 | NOTE | |||
r-devel-linux-x86_64-fedora-gcc | 1.1.0 | 49.57 | NOTE | |||
r-devel-windows-x86_64 | 1.1.0 | 9.00 | 46.00 | 55.00 | NOTE | |
r-patched-linux-x86_64 | 1.1.0 | 8.12 | 34.15 | 42.27 | NOTE | |
r-release-linux-x86_64 | 1.1.0 | 9.68 | 33.50 | 43.18 | NOTE | |
r-release-macos-arm64 | 1.1.0 | 21.00 | NOTE | |||
r-release-macos-x86_64 | 1.1.0 | 30.00 | NOTE | |||
r-release-windows-x86_64 | 1.1.0 | 9.00 | 48.00 | 57.00 | NOTE | |
r-oldrel-macos-arm64 | 1.1.0 | 23.00 | NOTE | |||
r-oldrel-macos-x86_64 | 1.1.0 | 31.00 | NOTE | |||
r-oldrel-windows-x86_64 | 1.1.0 | 11.00 | 50.00 | 61.00 | NOTE |
Version: 1.1.0
Check: package dependencies
Result: NOTE
Package suggested but not available for checking: ‘uchardet’
Flavors: r-devel-linux-x86_64-debian-clang, r-devel-linux-x86_64-fedora-clang, r-devel-linux-x86_64-fedora-gcc, r-patched-linux-x86_64, r-release-linux-x86_64, r-release-macos-arm64, r-release-macos-x86_64
Version: 1.1.0
Check: LazyData
Result: NOTE
'LazyData' is specified without a 'data' directory
Flavors: r-devel-linux-x86_64-debian-clang, r-devel-linux-x86_64-debian-gcc, r-devel-linux-x86_64-fedora-clang, r-devel-linux-x86_64-fedora-gcc, r-devel-windows-x86_64, r-patched-linux-x86_64, r-release-linux-x86_64, r-release-macos-arm64, r-release-macos-x86_64, r-release-windows-x86_64, r-oldrel-macos-arm64, r-oldrel-macos-x86_64, r-oldrel-windows-x86_64
Version: 1.1.0
Check: package dependencies
Result: NOTE
Packages suggested but not available for checking: 'styler', 'uchardet'
Flavor: r-devel-linux-x86_64-debian-gcc
Version: 1.1.0
Check: installed package size
Result: NOTE
installed size is 21.6Mb
sub-directories of 1Mb or more:
shinyApp 21.5Mb
Flavors: r-devel-linux-x86_64-fedora-clang, r-devel-windows-x86_64, r-release-macos-arm64, r-release-macos-x86_64, r-release-windows-x86_64, r-oldrel-macos-arm64, r-oldrel-macos-x86_64, r-oldrel-windows-x86_64