Last updated on 2025-11-03 12:50:03 CET.
| Flavor | Version | Tinstall | Tcheck | Ttotal | Status | Flags | 
|---|---|---|---|---|---|---|
| r-devel-linux-x86_64-debian-clang | 0.8.0 | 3.45 | 34.76 | 38.21 | NOTE | |
| r-devel-linux-x86_64-debian-gcc | 0.8.0 | 2.96 | 26.76 | 29.72 | NOTE | |
| r-devel-linux-x86_64-fedora-clang | 0.8.0 | 55.06 | OK | |||
| r-devel-linux-x86_64-fedora-gcc | 0.8.0 | 52.94 | OK | |||
| r-devel-windows-x86_64 | 0.8.0 | 5.00 | 50.00 | 55.00 | OK | |
| r-patched-linux-x86_64 | 0.8.0 | 2.94 | 32.20 | 35.14 | OK | |
| r-release-linux-x86_64 | 0.8.0 | 2.90 | 31.79 | 34.69 | OK | |
| r-release-macos-arm64 | 0.8.0 | 2.00 | 22.00 | 24.00 | OK | |
| r-release-macos-x86_64 | 0.8.0 | 5.00 | 43.00 | 48.00 | OK | |
| r-release-windows-x86_64 | 0.8.0 | 5.00 | 48.00 | 53.00 | OK | |
| r-oldrel-macos-arm64 | 0.8.0 | 2.00 | 19.00 | 21.00 | OK | |
| r-oldrel-macos-x86_64 | 0.8.0 | 3.00 | 29.00 | 32.00 | OK | |
| r-oldrel-windows-x86_64 | 0.8.0 | 7.00 | 58.00 | 65.00 | OK | 
Version: 0.8.0
Check: CRAN incoming feasibility
Result: NOTE
  Maintainer: ‘Andreas Neudecker <andreas.neudecker@inwt-statistics.de>’
  
  No Authors@R field in DESCRIPTION.
  Please add one, modifying
    Authors@R: person(given = "Andreas",
                      family = "Neudecker",
                      role = c("aut", "cre"),
                      email = "andreas.neudecker@inwt-statistics.de")
  as necessary.
Flavors: r-devel-linux-x86_64-debian-clang, r-devel-linux-x86_64-debian-gcc