Last updated on 2024-06-14 00:53:58 CEST.
Flavor | Version | Tinstall | Tcheck | Ttotal | Status | Flags |
---|---|---|---|---|---|---|
r-devel-linux-x86_64-debian-clang | 1.2.0 | 7.92 | 45.72 | 53.64 | OK | |
r-devel-linux-x86_64-debian-gcc | 1.2.0 | 0.70 | 1.55 | 2.25 | ERROR | |
r-devel-linux-x86_64-fedora-clang | 1.2.0 | 62.68 | NOTE | |||
r-devel-linux-x86_64-fedora-gcc | 1.2.0 | 58.69 | OK | |||
r-devel-windows-x86_64 | 1.2.0 | 7.00 | 52.00 | 59.00 | NOTE | |
r-patched-linux-x86_64 | 1.2.0 | 6.34 | 44.38 | 50.72 | OK | |
r-release-linux-x86_64 | 1.2.0 | 6.36 | 43.26 | 49.62 | OK | |
r-release-macos-arm64 | 1.2.0 | 24.00 | NOTE | |||
r-release-macos-x86_64 | 1.2.0 | 34.00 | NOTE | |||
r-release-windows-x86_64 | 1.2.0 | 7.00 | 55.00 | 62.00 | NOTE | |
r-oldrel-macos-arm64 | 1.2.0 | 26.00 | NOTE | |||
r-oldrel-macos-x86_64 | 1.2.0 | 40.00 | NOTE | |||
r-oldrel-windows-x86_64 | 1.2.0 | 9.00 | 59.00 | 68.00 | NOTE |
Version: 1.2.0
Check: package dependencies
Result: ERROR
Package required but not available: ‘lubridate’
See section ‘The DESCRIPTION file’ in the ‘Writing R Extensions’
manual.
Flavor: r-devel-linux-x86_64-debian-gcc
Version: 1.2.0
Check: installed package size
Result: NOTE
installed size is 7.8Mb
sub-directories of 1Mb or more:
www 7.6Mb
Flavors: r-devel-linux-x86_64-fedora-clang, r-devel-windows-x86_64, r-release-macos-arm64, r-release-macos-x86_64, r-release-windows-x86_64, r-oldrel-macos-arm64, r-oldrel-macos-x86_64, r-oldrel-windows-x86_64