Last updated on 2025-07-03 13:48:46 CEST.
Flavor | Version | Tinstall | Tcheck | Ttotal | Status | Flags |
---|---|---|---|---|---|---|
r-devel-linux-x86_64-debian-clang | 0.1.3 | 10.04 | 90.10 | 100.14 | NOTE | |
r-devel-linux-x86_64-debian-gcc | 0.1.3 | 6.93 | 65.41 | 72.34 | NOTE | |
r-devel-linux-x86_64-fedora-clang | 0.1.3 | 160.02 | OK | |||
r-devel-linux-x86_64-fedora-gcc | 0.1.3 | 161.34 | OK | |||
r-devel-windows-x86_64 | 0.1.3 | 11.00 | 123.00 | 134.00 | OK | |
r-patched-linux-x86_64 | 0.1.3 | 8.83 | 83.55 | 92.38 | OK | |
r-release-linux-x86_64 | 0.1.3 | 9.70 | 83.32 | 93.02 | OK | |
r-release-macos-arm64 | 0.1.3 | 87.00 | OK | |||
r-release-macos-x86_64 | 0.1.3 | 101.00 | OK | |||
r-release-windows-x86_64 | 0.1.3 | 10.00 | 126.00 | 136.00 | OK | |
r-oldrel-macos-arm64 | 0.1.3 | 49.00 | NOTE | |||
r-oldrel-macos-x86_64 | 0.1.3 | 76.00 | NOTE | |||
r-oldrel-windows-x86_64 | 0.1.3 | 14.00 | 133.00 | 147.00 | NOTE |
Version: 0.1.3
Check: CRAN incoming feasibility
Result: NOTE
Maintainer: ‘Szymon Maksymiuk <sz.maksymiuk@gmail.com>’
The Description field contains
Lundberg, S., et al., (2016) <arXiv:1705.07874> The SHAP method is used
Please refer to arXiv e-prints via their arXiv DOI <doi:10.48550/arXiv.YYMM.NNNNN>.
Flavors: r-devel-linux-x86_64-debian-clang, r-devel-linux-x86_64-debian-gcc
Version: 0.1.3
Check: LazyData
Result: NOTE
'LazyData' is specified without a 'data' directory
Flavors: r-oldrel-macos-arm64, r-oldrel-macos-x86_64, r-oldrel-windows-x86_64