Last updated on 2025-11-03 12:50:03 CET.
| Flavor | Version | Tinstall | Tcheck | Ttotal | Status | Flags | 
|---|---|---|---|---|---|---|
| r-devel-linux-x86_64-debian-clang | 1.1 | 6.54 | 61.10 | 67.64 | NOTE | |
| r-devel-linux-x86_64-debian-gcc | 1.1 | 4.16 | 45.82 | 49.98 | NOTE | |
| r-devel-linux-x86_64-fedora-clang | 1.1 | 15.00 | 87.21 | 102.21 | OK | |
| r-devel-linux-x86_64-fedora-gcc | 1.1 | 15.00 | 81.55 | 96.55 | OK | |
| r-devel-windows-x86_64 | 1.1 | 7.00 | 74.00 | 81.00 | OK | |
| r-patched-linux-x86_64 | 1.1 | 6.85 | 59.26 | 66.11 | OK | |
| r-release-linux-x86_64 | 1.1 | 6.75 | 58.31 | 65.06 | OK | |
| r-release-macos-arm64 | 1.1 | 3.00 | 32.00 | 35.00 | OK | |
| r-release-macos-x86_64 | 1.1 | 5.00 | 53.00 | 58.00 | OK | |
| r-release-windows-x86_64 | 1.1 | 7.00 | 72.00 | 79.00 | OK | |
| r-oldrel-macos-arm64 | 1.1 | 3.00 | 30.00 | 33.00 | OK | |
| r-oldrel-macos-x86_64 | 1.1 | 5.00 | 41.00 | 46.00 | OK | |
| r-oldrel-windows-x86_64 | 1.1 | 9.00 | 88.00 | 97.00 | OK | 
Version: 1.1
Check: CRAN incoming feasibility
Result: NOTE
  Maintainer: ‘Brian C. Franczak <bfrancza@math.mcmaster.ca>’
  
  No Authors@R field in DESCRIPTION.
  Please add one, modifying
    Authors@R: c(person(given = c("Brian", "C."),
                        family = "Franczak",
                        role = c("aut", "cre"),
                        email = "bfrancza@math.mcmaster.ca"),
                 person(given = c("Ryan", "P."),
                        family = "Browne",
                        role = "aut"),
                 person(given = c("Paul", "D."),
                        family = "McNicholas",
                        role = "aut"))
  as necessary.
Flavors: r-devel-linux-x86_64-debian-clang, r-devel-linux-x86_64-debian-gcc