Last updated on 2025-07-04 00:50:18 CEST.
Flavor | Version | Tinstall | Tcheck | Ttotal | Status | Flags |
---|---|---|---|---|---|---|
r-devel-linux-x86_64-debian-clang | 2.4.1 | 18.72 | 153.93 | 172.65 | NOTE | |
r-devel-linux-x86_64-debian-gcc | 2.4.1 | 11.62 | 106.19 | 117.81 | NOTE | |
r-devel-linux-x86_64-fedora-clang | 2.4.1 | 268.72 | OK | |||
r-devel-linux-x86_64-fedora-gcc | 2.4.1 | 262.88 | OK | |||
r-devel-windows-x86_64 | 2.4.1 | 19.00 | 132.00 | 151.00 | OK | |
r-patched-linux-x86_64 | 2.4.1 | 18.79 | 143.57 | 162.36 | OK | |
r-release-linux-x86_64 | 2.4.1 | 18.13 | 146.37 | 164.50 | OK | |
r-release-macos-arm64 | 2.4.1 | 69.00 | OK | |||
r-release-macos-x86_64 | 2.4.1 | 130.00 | OK | |||
r-release-windows-x86_64 | 2.4.1 | 20.00 | 134.00 | 154.00 | OK | |
r-oldrel-macos-arm64 | 2.4.1 | 57.00 | OK | |||
r-oldrel-macos-x86_64 | 2.4.1 | 99.00 | OK | |||
r-oldrel-windows-x86_64 | 2.4.1 | 27.00 | 174.00 | 201.00 | OK |
Version: 2.4.1
Check: CRAN incoming feasibility
Result: NOTE
Maintainer: ‘Marko Robnik-Sikonja <marko.robnik@fri.uni-lj.si>’
No Authors@R field in DESCRIPTION.
Please add one, modifying
Authors@R: person(given = "Marko",
family = "Robnik-Sikonja",
role = c("aut", "cre"),
email = "marko.robnik@fri.uni-lj.si")
as necessary.
Flavors: r-devel-linux-x86_64-debian-clang, r-devel-linux-x86_64-debian-gcc