Last updated on 2025-11-03 12:50:03 CET.
| Flavor | Version | Tinstall | Tcheck | Ttotal | Status | Flags | 
|---|---|---|---|---|---|---|
| r-devel-linux-x86_64-debian-clang | 1.0.5 | 8.30 | 58.26 | 66.56 | NOTE | |
| r-devel-linux-x86_64-debian-gcc | 1.0.5 | 5.70 | 44.78 | 50.48 | NOTE | |
| r-devel-linux-x86_64-fedora-clang | 1.0.5 | 15.00 | 82.87 | 97.87 | OK | |
| r-devel-linux-x86_64-fedora-gcc | 1.0.5 | 15.00 | 80.19 | 95.19 | OK | |
| r-devel-windows-x86_64 | 1.0.5 | 10.00 | 69.00 | 79.00 | OK | |
| r-patched-linux-x86_64 | 1.0.5 | 7.41 | 56.24 | 63.65 | OK | |
| r-release-linux-x86_64 | 1.0.5 | 6.04 | 56.48 | 62.52 | OK | |
| r-release-macos-arm64 | 1.0.5 | 8.00 | 34.00 | 42.00 | OK | |
| r-release-macos-x86_64 | 1.0.5 | 8.00 | 49.00 | 57.00 | OK | |
| r-release-windows-x86_64 | 1.0.5 | 12.00 | 68.00 | 80.00 | OK | |
| r-oldrel-macos-arm64 | 1.0.5 | 5.00 | 28.00 | 33.00 | OK | |
| r-oldrel-macos-x86_64 | 1.0.5 | 7.00 | 39.00 | 46.00 | OK | |
| r-oldrel-windows-x86_64 | 1.0.5 | 13.00 | 86.00 | 99.00 | OK | 
Version: 1.0.5
Check: CRAN incoming feasibility
Result: NOTE
  Maintainer: ‘Boxiang Wang <boxiang-wang@uiowa.edu>’
  
  No Authors@R field in DESCRIPTION.
  Please add one, modifying
    Authors@R: c(person(given = "Boxiang",
                        family = "Wang",
                        role = c("aut", "cre"),
                        email = "boxiang-wang@uiowa.edu"),
                 person(given = "Hui",
                        family = "Zou",
                        role = "aut"))
  as necessary.
Flavors: r-devel-linux-x86_64-debian-clang, r-devel-linux-x86_64-debian-gcc