Last updated on 2025-07-04 00:50:17 CEST.
Flavor | Version | Tinstall | Tcheck | Ttotal | Status | Flags |
---|---|---|---|---|---|---|
r-devel-linux-x86_64-debian-clang | 0.0.2 | 13.05 | 264.34 | 277.39 | NOTE | |
r-devel-linux-x86_64-debian-gcc | 0.0.2 | 8.53 | 208.85 | 217.38 | NOTE | |
r-devel-linux-x86_64-fedora-clang | 0.0.2 | 413.40 | OK | |||
r-devel-linux-x86_64-fedora-gcc | 0.0.2 | 416.53 | OK | |||
r-devel-windows-x86_64 | 0.0.2 | 13.00 | 226.00 | 239.00 | NOTE | |
r-patched-linux-x86_64 | 0.0.2 | 13.03 | 262.84 | 275.87 | NOTE | |
r-release-linux-x86_64 | 0.0.2 | 12.86 | 260.10 | 272.96 | NOTE | |
r-release-macos-arm64 | 0.0.2 | 152.00 | OK | |||
r-release-macos-x86_64 | 0.0.2 | 312.00 | OK | |||
r-release-windows-x86_64 | 0.0.2 | 12.00 | 234.00 | 246.00 | NOTE | |
r-oldrel-macos-arm64 | 0.0.2 | 136.00 | OK | |||
r-oldrel-macos-x86_64 | 0.0.2 | 337.00 | OK | |||
r-oldrel-windows-x86_64 | 0.0.2 | 18.00 | 310.00 | 328.00 | OK |
Version: 0.0.2
Check: Rd cross-references
Result: NOTE
Found the following Rd file(s) with Rd \link{} targets missing package
anchors:
step_aggregate_hclust.Rd: selections, bake, prep
step_aggregate_list.Rd: selections, bake, prep
step_rownormalize_tss.Rd: selections, bake, prep
step_select_background.Rd: selections, bake, prep
step_select_cv.Rd: selections, bake, prep
step_select_kruskal.Rd: selections, bake, prep
step_select_wilcoxon.Rd: selections, bake, prep
step_taxonomy.Rd: selections, bake, prep
Please provide package anchors for all Rd \link{} targets not in the
package itself and the base packages.
Flavors: r-devel-linux-x86_64-debian-clang, r-devel-linux-x86_64-debian-gcc, r-devel-windows-x86_64, r-patched-linux-x86_64, r-release-linux-x86_64, r-release-windows-x86_64