Last updated on 2025-11-03 12:50:03 CET.
| Flavor | Version | Tinstall | Tcheck | Ttotal | Status | Flags |
|---|---|---|---|---|---|---|
| r-devel-linux-x86_64-debian-clang | 0.2-2 | 2.84 | 29.12 | 31.96 | NOTE | |
| r-devel-linux-x86_64-debian-gcc | 0.2-2 | 2.49 | 22.80 | 25.29 | NOTE | |
| r-devel-linux-x86_64-fedora-clang | 0.2-2 | 48.55 | OK | |||
| r-devel-linux-x86_64-fedora-gcc | 0.2-2 | 46.15 | OK | |||
| r-devel-windows-x86_64 | 0.2-2 | 6.00 | 50.00 | 56.00 | OK | |
| r-patched-linux-x86_64 | 0.2-2 | 3.08 | 28.29 | 31.37 | OK | |
| r-release-linux-x86_64 | 0.2-2 | 3.07 | 28.31 | 31.38 | OK | |
| r-release-macos-arm64 | 0.2-2 | 2.00 | 19.00 | 21.00 | OK | |
| r-release-macos-x86_64 | 0.2-2 | 4.00 | 36.00 | 40.00 | OK | |
| r-release-windows-x86_64 | 0.2-2 | 6.00 | 50.00 | 56.00 | OK | |
| r-oldrel-macos-arm64 | 0.2-2 | 3.00 | 12.00 | 15.00 | OK | |
| r-oldrel-macos-x86_64 | 0.2-2 | 4.00 | 27.00 | 31.00 | OK | |
| r-oldrel-windows-x86_64 | 0.2-2 | 8.00 | 58.00 | 66.00 | OK |
Version: 0.2-2
Check: CRAN incoming feasibility
Result: NOTE
Maintainer: ‘Yining Chen <y.chen101@lse.ac.uk>’
No Authors@R field in DESCRIPTION.
Please add one, modifying
Authors@R: c(person(given = "Yining",
family = "Chen",
role = c("aut", "cre"),
email = "y.chen101@lse.ac.uk"),
person(given = "Richard",
family = "Samworth",
role = "aut"))
as necessary.
Flavors: r-devel-linux-x86_64-debian-clang, r-devel-linux-x86_64-debian-gcc