Last updated on 2025-11-03 12:50:03 CET.
| Flavor | Version | Tinstall | Tcheck | Ttotal | Status | Flags | 
|---|---|---|---|---|---|---|
| r-devel-linux-x86_64-debian-clang | 0.1.6 | 2.28 | 41.83 | 44.11 | NOTE | |
| r-devel-linux-x86_64-debian-gcc | 0.1.6 | 2.03 | 29.91 | 31.94 | NOTE | |
| r-devel-linux-x86_64-fedora-clang | 0.1.6 | 67.44 | OK | |||
| r-devel-linux-x86_64-fedora-gcc | 0.1.6 | 64.39 | OK | |||
| r-devel-windows-x86_64 | 0.1.6 | 4.00 | 57.00 | 61.00 | OK | |
| r-patched-linux-x86_64 | 0.1.6 | 2.25 | 39.36 | 41.61 | OK | |
| r-release-linux-x86_64 | 0.1.6 | 2.55 | 39.22 | 41.77 | OK | |
| r-release-macos-arm64 | 0.1.6 | 2.00 | 23.00 | 25.00 | OK | |
| r-release-macos-x86_64 | 0.1.6 | 4.00 | 52.00 | 56.00 | OK | |
| r-release-windows-x86_64 | 0.1.6 | 4.00 | 56.00 | 60.00 | OK | |
| r-oldrel-macos-arm64 | 0.1.6 | 2.00 | 22.00 | 24.00 | OK | |
| r-oldrel-macos-x86_64 | 0.1.6 | 3.00 | 38.00 | 41.00 | OK | |
| r-oldrel-windows-x86_64 | 0.1.6 | 5.00 | 74.00 | 79.00 | OK | 
Version: 0.1.6
Check: CRAN incoming feasibility
Result: NOTE
  Maintainer: ‘Amit Frishberg <amfrishberg@gmail.com>’
  
  No Authors@R field in DESCRIPTION.
  Please add one, modifying
    Authors@R: c(person(given = "Amit",
                        family = "Frishberg",
                        role = c("aut", "cre"),
                        email = "amfrishberg@gmail.com"),
                 person(given = "Naama",
                        family = "Peshes-Yaloz",
                        role = "aut"),
                 person(given = "Irit",
                        family = "Gat-Viks",
                        role = "aut"))
  as necessary.
  
  Package CITATION file contains call(s) to old-style citEntry().  Please
  use bibentry() instead.
Flavors: r-devel-linux-x86_64-debian-clang, r-devel-linux-x86_64-debian-gcc