Last updated on 2025-11-03 12:50:03 CET.
| Flavor | Version | Tinstall | Tcheck | Ttotal | Status | Flags | 
|---|---|---|---|---|---|---|
| r-devel-linux-x86_64-debian-clang | 0.5.0 | 67.84 | 144.52 | 212.36 | NOTE | |
| r-devel-linux-x86_64-debian-gcc | 0.5.0 | 47.67 | 99.41 | 147.08 | NOTE | |
| r-devel-linux-x86_64-fedora-clang | 0.5.0 | 124.00 | 226.67 | 350.67 | NOTE | |
| r-devel-linux-x86_64-fedora-gcc | 0.5.0 | 137.00 | 213.75 | 350.75 | NOTE | |
| r-devel-windows-x86_64 | 0.5.0 | 76.00 | 156.00 | 232.00 | NOTE | |
| r-patched-linux-x86_64 | 0.5.0 | 64.19 | 132.49 | 196.68 | NOTE | |
| r-release-linux-x86_64 | 0.5.0 | 70.65 | 135.16 | 205.81 | NOTE | |
| r-release-macos-arm64 | 0.5.0 | 26.00 | 77.00 | 103.00 | NOTE | |
| r-release-macos-x86_64 | 0.5.0 | 33.00 | 172.00 | 205.00 | NOTE | |
| r-release-windows-x86_64 | 0.5.0 | 76.00 | 152.00 | 228.00 | NOTE | |
| r-oldrel-macos-arm64 | 0.5.0 | 34.00 | 72.00 | 106.00 | NOTE | |
| r-oldrel-macos-x86_64 | 0.5.0 | 30.00 | 124.00 | 154.00 | NOTE | |
| r-oldrel-windows-x86_64 | 0.5.0 | 97.00 | 221.00 | 318.00 | NOTE | 
Version: 0.5.0
Check: CRAN incoming feasibility
Result: NOTE
  Maintainer: ‘Valerio Gherardi <vgherard@sissa.it>’
  
  No Authors@R field in DESCRIPTION.
  Please add one, modifying
    Authors@R: person(given = "Valerio",
                      family = "Gherardi",
                      role = c("aut", "cre"),
                      email = "vgherard@sissa.it")
  as necessary.
Flavors: r-devel-linux-x86_64-debian-clang, r-devel-linux-x86_64-debian-gcc
Version: 0.5.0
Check: C++ specification
Result: NOTE
    Specified C++11: please drop specification unless essential
Flavors: r-devel-linux-x86_64-debian-clang, r-devel-linux-x86_64-debian-gcc, r-devel-linux-x86_64-fedora-clang, r-devel-linux-x86_64-fedora-gcc, r-devel-windows-x86_64, r-patched-linux-x86_64, r-release-linux-x86_64, r-release-macos-arm64, r-release-macos-x86_64, r-release-windows-x86_64, r-oldrel-macos-arm64, r-oldrel-macos-x86_64, r-oldrel-windows-x86_64
Version: 0.5.0
Check: installed package size
Result: NOTE
    installed size is  8.7Mb
    sub-directories of 1Mb or more:
      data   4.9Mb
      libs   3.5Mb
Flavors: r-oldrel-macos-arm64, r-oldrel-macos-x86_64, r-oldrel-windows-x86_64