CRAN Package Check Results for Package samplingDataCRT

Last updated on 2025-07-04 00:50:17 CEST.

Flavor Version Tinstall Tcheck Ttotal Status Flags
r-devel-linux-x86_64-debian-clang 1.0 1.89 28.89 30.78 NOTE
r-devel-linux-x86_64-debian-gcc 1.0 1.42 24.13 25.55 NOTE
r-devel-linux-x86_64-fedora-clang 1.0 46.82 OK
r-devel-linux-x86_64-fedora-gcc 1.0 58.46 OK
r-devel-windows-x86_64 1.0 3.00 58.00 61.00 OK
r-patched-linux-x86_64 1.0 1.96 26.90 28.86 OK
r-release-linux-x86_64 1.0 1.81 26.75 28.56 OK
r-release-macos-arm64 1.0 28.00 OK
r-release-macos-x86_64 1.0 48.00 OK
r-release-windows-x86_64 1.0 3.00 60.00 63.00 OK
r-oldrel-macos-arm64 1.0 23.00 OK
r-oldrel-macos-x86_64 1.0 70.00 OK
r-oldrel-windows-x86_64 1.0 3.00 61.00 64.00 OK

Check Details

Version: 1.0
Check: CRAN incoming feasibility
Result: NOTE Maintainer: ‘Diana Trutschel <Diana.Trutschel@dzne.de>’ No Authors@R field in DESCRIPTION. Please add one, modifying Authors@R: c(person(given = "Diana", family = "Trutschel", role = c("aut", "cre"), email = "diana.trutschel@dzne.de"), person(given = "Hendrik", family = "Treutler", role = "aut")) as necessary. Flavors: r-devel-linux-x86_64-debian-clang, r-devel-linux-x86_64-debian-gcc