Last updated on 2025-07-04 12:49:11 CEST.
Flavor | Version | Tinstall | Tcheck | Ttotal | Status | Flags |
---|---|---|---|---|---|---|
r-devel-linux-x86_64-debian-clang | 0.1.3 | 27.33 | 189.42 | 216.75 | OK | |
r-devel-linux-x86_64-debian-gcc | 0.1.3 | 19.95 | 129.66 | 149.61 | OK | |
r-devel-linux-x86_64-fedora-clang | 0.1.3 | 325.78 | OK | |||
r-devel-linux-x86_64-fedora-gcc | 0.1.3 | 314.36 | OK | |||
r-devel-windows-x86_64 | 0.1.3 | 29.00 | 160.00 | 189.00 | OK | |
r-patched-linux-x86_64 | 0.1.3 | 27.33 | 174.66 | 201.99 | OK | |
r-release-linux-x86_64 | 0.1.3 | 26.36 | 174.35 | 200.71 | OK | |
r-release-macos-arm64 | 0.1.3 | 72.00 | OK | |||
r-release-macos-x86_64 | 0.1.3 | 143.00 | OK | |||
r-release-windows-x86_64 | 0.1.3 | 30.00 | 162.00 | 192.00 | OK | |
r-oldrel-macos-arm64 | 0.1.3 | 86.00 | NOTE | |||
r-oldrel-macos-x86_64 | 0.1.3 | 145.00 | NOTE | |||
r-oldrel-windows-x86_64 | 0.1.3 | 39.00 | 211.00 | 250.00 | OK |
Version: 0.1.3
Check: installed package size
Result: NOTE
installed size is 5.2Mb
sub-directories of 1Mb or more:
data 5.0Mb
Flavors: r-oldrel-macos-arm64, r-oldrel-macos-x86_64