Last updated on 2024-08-17 02:48:26 CEST.
Flavor | Version | Tinstall | Tcheck | Ttotal | Status | Flags |
---|---|---|---|---|---|---|
r-devel-linux-x86_64-debian-clang | 2.1.1 | 68.87 | 35.56 | 104.43 | OK | |
r-devel-linux-x86_64-debian-gcc | 2.1.1 | 49.72 | 26.50 | 76.22 | OK | |
r-devel-linux-x86_64-fedora-clang | 2.1.1 | 180.93 | OK | |||
r-devel-linux-x86_64-fedora-gcc | 2.1.1 | 209.63 | OK | |||
r-devel-windows-x86_64 | 2.1.1 | 84.00 | 95.00 | 179.00 | OK | |
r-patched-linux-x86_64 | 2.1.1 | 71.17 | 33.49 | 104.66 | OK | |
r-release-linux-x86_64 | 2.1.1 | 71.15 | 33.59 | 104.74 | OK | |
r-release-macos-arm64 | 2.1.1 | 52.00 | NOTE | |||
r-release-macos-x86_64 | 2.1.1 | 82.00 | NOTE | |||
r-release-windows-x86_64 | 2.1.1 | 88.00 | 93.00 | 181.00 | OK | |
r-oldrel-macos-arm64 | 2.1.1 | 55.00 | NOTE | |||
r-oldrel-macos-x86_64 | 2.1.1 | 88.00 | NOTE | |||
r-oldrel-windows-x86_64 | 2.1.1 | 101.00 | 101.00 | 202.00 | OK |
Version: 2.1.1
Check: installed package size
Result: NOTE
installed size is 6.8Mb
sub-directories of 1Mb or more:
libs 6.6Mb
Flavors: r-release-macos-arm64, r-release-macos-x86_64, r-oldrel-macos-arm64, r-oldrel-macos-x86_64