Last updated on 2024-07-01 01:49:11 CEST.
Flavor | Version | Tinstall | Tcheck | Ttotal | Status | Flags |
---|---|---|---|---|---|---|
r-devel-linux-x86_64-debian-clang | 1.1-14 | 48.26 | 328.25 | 376.51 | NOTE | |
r-devel-linux-x86_64-debian-gcc | 1.1-14 | 36.74 | 224.79 | 261.53 | NOTE | |
r-devel-linux-x86_64-fedora-clang | 1.1-14 | 449.75 | NOTE | |||
r-devel-linux-x86_64-fedora-gcc | 1.1-14 | 444.42 | NOTE | |||
r-devel-windows-x86_64 | 1.1-14 | 34.00 | 187.00 | 221.00 | NOTE | |
r-patched-linux-x86_64 | 1.1-14 | 45.11 | 297.79 | 342.90 | NOTE | |
r-release-linux-x86_64 | 1.1-14 | 37.96 | 304.47 | 342.43 | NOTE | |
r-release-macos-arm64 | 1.1-14 | 99.00 | NOTE | |||
r-release-macos-x86_64 | 1.1-14 | 159.00 | NOTE | |||
r-release-windows-x86_64 | 1.1-14 | 35.00 | 193.00 | 228.00 | NOTE | |
r-oldrel-macos-arm64 | 1.1-14 | 106.00 | OK | |||
r-oldrel-macos-x86_64 | 1.1-14 | 306.00 | OK | |||
r-oldrel-windows-x86_64 | 1.1-14 | 48.00 | 256.00 | 304.00 | OK |
Version: 1.1-14
Check: Rd files
Result: NOTE
checkRd: (-1) rts.Rd:32: Lost braces
32 | If a name of a raster time series file is provided for the \code{x} argument, it acts the same as code{\link[rts]{read.rts}}.
| ^
Flavors: r-devel-linux-x86_64-debian-clang, r-devel-linux-x86_64-debian-gcc, r-devel-linux-x86_64-fedora-clang, r-devel-linux-x86_64-fedora-gcc, r-devel-windows-x86_64, r-patched-linux-x86_64, r-release-linux-x86_64, r-release-macos-arm64, r-release-macos-x86_64, r-release-windows-x86_64
Version: 1.1-14
Check: Rd cross-references
Result: NOTE
Undeclared package ‘sp’ in Rd xrefs
Flavor: r-devel-linux-x86_64-fedora-clang