Last updated on 2024-06-14 00:53:57 CEST.
Flavor | Version | Tinstall | Tcheck | Ttotal | Status | Flags |
---|---|---|---|---|---|---|
r-devel-linux-x86_64-debian-clang | 0.1.7 | 6.00 | 52.45 | 58.45 | OK | |
r-devel-linux-x86_64-debian-gcc | 0.1.7 | 0.36 | 1.73 | 2.09 | ERROR | |
r-devel-linux-x86_64-fedora-clang | 0.1.7 | 74.63 | OK | |||
r-devel-linux-x86_64-fedora-gcc | 0.1.7 | 69.80 | OK | |||
r-devel-windows-x86_64 | 0.1.7 | 6.00 | 61.00 | 67.00 | OK | |
r-patched-linux-x86_64 | 0.1.7 | 6.04 | 51.25 | 57.29 | OK | |
r-release-linux-x86_64 | 0.1.7 | 4.93 | 51.58 | 56.51 | OK | |
r-release-macos-arm64 | 0.1.7 | 22.00 | OK | |||
r-release-macos-x86_64 | 0.1.7 | 34.00 | OK | |||
r-release-windows-x86_64 | 0.1.7 | 6.00 | 61.00 | 67.00 | OK | |
r-oldrel-macos-arm64 | 0.1.7 | 31.00 | OK | |||
r-oldrel-macos-x86_64 | 0.1.7 | 44.00 | OK | |||
r-oldrel-windows-x86_64 | 0.1.7 | 9.00 | 67.00 | 76.00 | OK |
Version: 0.1.7
Check: package dependencies
Result: ERROR
Package required but not available: ‘IRkernel’
See section ‘The DESCRIPTION file’ in the ‘Writing R Extensions’
manual.
Flavor: r-devel-linux-x86_64-debian-gcc