Last updated on 2025-11-03 12:50:02 CET.
| Flavor | Version | Tinstall | Tcheck | Ttotal | Status | Flags | 
|---|---|---|---|---|---|---|
| r-devel-linux-x86_64-debian-clang | 1.1 | 34.96 | 33.90 | 68.86 | NOTE | |
| r-devel-linux-x86_64-debian-gcc | 1.1 | 22.84 | 27.20 | 50.04 | NOTE | |
| r-devel-linux-x86_64-fedora-clang | 1.1 | 54.00 | 57.52 | 111.52 | OK | |
| r-devel-linux-x86_64-fedora-gcc | 1.1 | 73.00 | 42.98 | 115.98 | OK | |
| r-devel-windows-x86_64 | 1.1 | 38.00 | 74.00 | 112.00 | NOTE | |
| r-patched-linux-x86_64 | 1.1 | 33.25 | 33.10 | 66.35 | OK | |
| r-release-linux-x86_64 | 1.1 | 31.76 | 32.80 | 64.56 | OK | |
| r-release-macos-arm64 | 1.1 | 13.00 | 22.00 | 35.00 | OK | |
| r-release-macos-x86_64 | 1.1 | 39.00 | 58.00 | 97.00 | OK | |
| r-release-windows-x86_64 | 1.1 | 35.00 | 72.00 | 107.00 | NOTE | |
| r-oldrel-macos-arm64 | 1.1 | 13.00 | 20.00 | 33.00 | OK | |
| r-oldrel-macos-x86_64 | 1.1 | 29.00 | 32.00 | 61.00 | OK | |
| r-oldrel-windows-x86_64 | 1.1 | 45.00 | 92.00 | 137.00 | NOTE | 
Version: 1.1
Check: CRAN incoming feasibility
Result: NOTE
  Maintainer: ‘Aditya Mishra <amishra@flatironinstitute.org>’
  
  The Description field contains
    <arXiv:1909.04990>.
  Please refer to arXiv e-prints via their arXiv DOI <doi:10.48550/arXiv.YYMM.NNNNN>.
Flavors: r-devel-linux-x86_64-debian-clang, r-devel-linux-x86_64-debian-gcc
Version: 1.1
Check: C++ specification
Result: NOTE
    Specified C++11: please drop specification unless essential
Flavors: r-devel-windows-x86_64, r-release-windows-x86_64, r-oldrel-windows-x86_64