CRAN Package Check Results for Package rmt

Last updated on 2025-07-04 00:50:16 CEST.

Flavor Version Tinstall Tcheck Ttotal Status Flags
r-devel-linux-x86_64-debian-clang 1.0 2.22 38.53 40.75 NOTE
r-devel-linux-x86_64-debian-gcc 1.0 1.65 30.36 32.01 NOTE
r-devel-linux-x86_64-fedora-clang 1.0 65.24 OK
r-devel-linux-x86_64-fedora-gcc 1.0 80.13 OK
r-devel-windows-x86_64 1.0 4.00 63.00 67.00 OK
r-patched-linux-x86_64 1.0 2.45 38.33 40.78 OK
r-release-linux-x86_64 1.0 2.12 38.08 40.20 OK
r-release-macos-arm64 1.0 35.00 OK
r-release-macos-x86_64 1.0 58.00 OK
r-release-windows-x86_64 1.0 5.00 62.00 67.00 OK
r-oldrel-macos-arm64 1.0 28.00 OK
r-oldrel-macos-x86_64 1.0 44.00 OK
r-oldrel-windows-x86_64 1.0 4.00 72.00 76.00 OK

Check Details

Version: 1.0
Check: CRAN incoming feasibility
Result: NOTE Maintainer: ‘Lu Mao <lmao@biostat.wisc.edu>’ No Authors@R field in DESCRIPTION. Please add one, modifying Authors@R: person(given = "Lu", family = "Mao", role = c("aut", "cre"), email = "lmao@biostat.wisc.edu") as necessary. Flavors: r-devel-linux-x86_64-debian-clang, r-devel-linux-x86_64-debian-gcc