Last updated on 2024-06-14 00:53:56 CEST.
Flavor | Version | Tinstall | Tcheck | Ttotal | Status | Flags |
---|---|---|---|---|---|---|
r-devel-linux-x86_64-debian-clang | 0.2.8 | 9.48 | 143.38 | 152.86 | OK | |
r-devel-linux-x86_64-debian-gcc | 0.2.8 | 0.52 | 1.73 | 2.25 | ERROR | |
r-devel-linux-x86_64-fedora-clang | 0.2.8 | 185.90 | OK | |||
r-devel-linux-x86_64-fedora-gcc | 0.2.8 | 186.77 | OK | |||
r-devel-windows-x86_64 | 0.2.8 | 7.00 | 115.00 | 122.00 | OK | |
r-patched-linux-x86_64 | 0.2.8 | 13.28 | 136.01 | 149.29 | OK | |
r-release-linux-x86_64 | 0.2.8 | 8.61 | 136.20 | 144.81 | OK | |
r-release-macos-arm64 | 0.2.8 | 60.00 | OK | |||
r-release-macos-x86_64 | 0.2.8 | 90.00 | OK | |||
r-release-windows-x86_64 | 0.2.8 | 7.00 | 116.00 | 123.00 | OK | |
r-oldrel-macos-arm64 | 0.2.8 | 65.00 | OK | |||
r-oldrel-macos-x86_64 | 0.2.8 | 124.00 | OK | |||
r-oldrel-windows-x86_64 | 0.2.8 | 9.00 | 139.00 | 148.00 | OK |
Version: 0.2.8
Check: package dependencies
Result: ERROR
Package required but not available: ‘tibble’
Packages suggested but not available for checking: 'dplyr', 'testthat'
See section ‘The DESCRIPTION file’ in the ‘Writing R Extensions’
manual.
Flavor: r-devel-linux-x86_64-debian-gcc