Last updated on 2025-11-03 12:50:01 CET.
| Flavor | Version | Tinstall | Tcheck | Ttotal | Status | Flags | 
|---|---|---|---|---|---|---|
| r-devel-linux-x86_64-debian-clang | 2.0.1 | 6.93 | 96.68 | 103.61 | OK | |
| r-devel-linux-x86_64-debian-gcc | 2.0.1 | 4.10 | 70.87 | 74.97 | OK | |
| r-devel-linux-x86_64-fedora-clang | 2.0.1 | 13.00 | 141.32 | 154.32 | OK | |
| r-devel-linux-x86_64-fedora-gcc | 2.0.1 | 15.00 | 167.65 | 182.65 | NOTE | |
| r-devel-windows-x86_64 | 2.0.1 | 12.00 | 145.00 | 157.00 | OK | |
| r-patched-linux-x86_64 | 2.0.1 | 6.60 | 91.97 | 98.57 | OK | |
| r-release-linux-x86_64 | 2.0.1 | 6.28 | 90.26 | 96.54 | OK | |
| r-release-macos-arm64 | 2.0.1 | 2.00 | 610.00 | 612.00 | OK | |
| r-release-macos-x86_64 | 2.0.1 | 5.00 | 813.00 | 818.00 | OK | |
| r-release-windows-x86_64 | 2.0.1 | 10.00 | 143.00 | 153.00 | OK | |
| r-oldrel-macos-arm64 | 2.0.1 | 3.00 | 629.00 | 632.00 | OK | |
| r-oldrel-macos-x86_64 | 2.0.1 | 5.00 | 665.00 | 670.00 | OK | |
| r-oldrel-windows-x86_64 | 2.0.1 | 13.00 | 167.00 | 180.00 | OK | 
Version: 2.0.1
Check: for non-standard things in the check directory
Result: NOTE
  Found the following files/directories:
    ‘test.package.0001’ ‘test.package.0005’ ‘test.package.0006’
    ‘test.package.0009’ ‘test.package.0010’
Flavor: r-devel-linux-x86_64-fedora-gcc