Last updated on 2025-11-05 00:49:42 CET.
| Flavor | Version | Tinstall | Tcheck | Ttotal | Status | Flags |
|---|---|---|---|---|---|---|
| r-devel-linux-x86_64-debian-clang | 0.3.1 | 3.55 | 34.50 | 38.05 | OK | |
| r-devel-linux-x86_64-debian-gcc | 0.3.1 | 2.50 | 26.33 | 28.83 | OK | |
| r-devel-linux-x86_64-fedora-clang | 0.3.1 | 53.41 | OK | |||
| r-devel-linux-x86_64-fedora-gcc | 0.3.1 | 51.75 | OK | |||
| r-devel-windows-x86_64 | 0.3.1 | 6.00 | 178.00 | 184.00 | OK | |
| r-patched-linux-x86_64 | 0.3.1 | 3.68 | 31.31 | 34.99 | OK | |
| r-release-linux-x86_64 | 0.3.1 | 3.14 | 31.20 | 34.34 | OK | |
| r-release-macos-arm64 | 0.3.1 | 2.00 | 26.00 | 28.00 | OK | |
| r-release-macos-x86_64 | 0.3.1 | 4.00 | 67.00 | 71.00 | OK | |
| r-release-windows-x86_64 | 0.3.1 | 5.00 | 56.00 | 61.00 | OK | |
| r-oldrel-macos-arm64 | 0.3.1 | 2.00 | 19.00 | 21.00 | NOTE | |
| r-oldrel-macos-x86_64 | 0.3.1 | 2.00 | 27.00 | 29.00 | NOTE | |
| r-oldrel-windows-x86_64 | 0.3.1 | 7.00 | 66.00 | 73.00 | NOTE |
Version: 0.3.1
Check: LazyData
Result: NOTE
'LazyData' is specified without a 'data' directory
Flavors: r-oldrel-macos-arm64, r-oldrel-macos-x86_64, r-oldrel-windows-x86_64