Last updated on 2025-11-03 12:50:01 CET.
| Flavor | Version | Tinstall | Tcheck | Ttotal | Status | Flags | 
|---|---|---|---|---|---|---|
| r-devel-linux-x86_64-debian-clang | 1.10 | 3.17 | 35.09 | 38.26 | NOTE | |
| r-devel-linux-x86_64-debian-gcc | 1.10 | 2.30 | 27.37 | 29.67 | NOTE | |
| r-devel-linux-x86_64-fedora-clang | 1.10 | 52.64 | WARN | |||
| r-devel-linux-x86_64-fedora-gcc | 1.10 | WARN | ||||
| r-devel-windows-x86_64 | 1.10 | 5.00 | 60.00 | 65.00 | OK | |
| r-patched-linux-x86_64 | 1.10 | 3.27 | 33.50 | 36.77 | NOTE | |
| r-release-linux-x86_64 | 1.10 | 2.64 | 33.61 | 36.25 | NOTE | |
| r-release-macos-arm64 | 1.10 | 1.00 | 28.00 | 29.00 | OK | |
| r-release-macos-x86_64 | 1.10 | 2.00 | 47.00 | 49.00 | OK | |
| r-release-windows-x86_64 | 1.10 | 5.00 | 57.00 | 62.00 | OK | |
| r-oldrel-macos-arm64 | 1.10 | 1.00 | 22.00 | 23.00 | OK | |
| r-oldrel-macos-x86_64 | 1.10 | 2.00 | 35.00 | 37.00 | OK | |
| r-oldrel-windows-x86_64 | 1.10 | 4.00 | 61.00 | 65.00 | OK | 
Version: 1.10
Check: CRAN incoming feasibility
Result: NOTE
  Maintainer: ‘Christophe Dutang <christophe.dutang@ensimag.fr>’
  
  No Authors@R field in DESCRIPTION.
  Please add one, modifying
    Authors@R: c(person(given = "Christophe",
                        family = "Dutang",
                        role = c("aut", "cre"),
                        email = "christophe.dutang@ensimag.fr"),
                 person(given = "Julie",
                        family = "Barthes",
                        role = "aut"))
  as necessary.
  
  Package CITATION file contains call(s) to old-style citEntry().  Please
  use bibentry() instead.
Flavors: r-devel-linux-x86_64-debian-clang, r-devel-linux-x86_64-debian-gcc
Version: 1.10
Check: for non-standard things in the check directory
Result: NOTE
  Found the following files/directories:
    ‘mydata.rda’ ‘thedata.rda’
Flavors: r-devel-linux-x86_64-debian-clang, r-devel-linux-x86_64-debian-gcc, r-devel-linux-x86_64-fedora-clang, r-devel-linux-x86_64-fedora-gcc, r-patched-linux-x86_64, r-release-linux-x86_64
Version: 1.10
Check: re-building of vignette outputs
Result: WARN
  Error(s) in re-building vignettes:
  --- re-building ‘rhosp.Rnw’ using Sweave
  Error: processing vignette 'rhosp.Rnw' failed with diagnostics:
  Running 'texi2dvi' on 'rhosp.tex' failed.
  LaTeX errors:
  ! Missing $ inserted.
  <inserted text> 
                  $
  l.356 
        
  ! Emergency stop.
  <inserted text> 
                  $
  l.356 
        
  !  ==> Fatal error occurred, no output PDF file produced!
  --- failed re-building ‘rhosp.Rnw’
  
  SUMMARY: processing the following file failed:
    ‘rhosp.Rnw’
  
  Error: Vignette re-building failed.
  Execution halted
Flavors: r-devel-linux-x86_64-fedora-clang, r-devel-linux-x86_64-fedora-gcc