Last updated on 2025-10-10 12:49:49 CEST.
Flavor | Version | Tinstall | Tcheck | Ttotal | Status | Flags |
---|---|---|---|---|---|---|
r-devel-linux-x86_64-debian-clang | 2.3.3 | 17.21 | 148.39 | 165.60 | NOTE | |
r-devel-linux-x86_64-debian-gcc | 2.3.3 | 10.88 | 96.34 | 107.22 | NOTE | |
r-devel-linux-x86_64-fedora-clang | 2.3.3 | 264.38 | OK | |||
r-devel-linux-x86_64-fedora-gcc | 2.3.3 | 226.76 | OK | |||
r-devel-windows-x86_64 | 2.3.3 | 24.00 | 153.00 | 177.00 | NOTE | |
r-patched-linux-x86_64 | 2.3.3 | 20.66 | 131.82 | 152.48 | NOTE | |
r-release-linux-x86_64 | 2.3.3 | 17.44 | 131.65 | 149.09 | NOTE | |
r-release-macos-arm64 | 2.3.3 | 68.00 | OK | |||
r-release-macos-x86_64 | 2.3.3 | 132.00 | OK | |||
r-release-windows-x86_64 | 2.3.3 | 21.00 | 156.00 | 177.00 | NOTE | |
r-oldrel-macos-arm64 | 2.3.3 | 66.00 | OK | |||
r-oldrel-macos-x86_64 | 2.3.3 | 93.00 | OK | |||
r-oldrel-windows-x86_64 | 2.3.3 | 30.00 | 185.00 | 215.00 | OK |
Version: 2.3.3
Check: Rd cross-references
Result: NOTE
Found the following Rd file(s) with Rd \link{} targets missing package
anchors:
format_time.Rd: lubridate
Please provide package anchors for all Rd \link{} targets not in the
package itself and the base packages.
Flavors: r-devel-linux-x86_64-debian-clang, r-devel-linux-x86_64-debian-gcc, r-devel-windows-x86_64, r-patched-linux-x86_64, r-release-linux-x86_64, r-release-windows-x86_64