CRAN Package Check Results for Package rbounds

Last updated on 2025-11-21 12:50:00 CET.

Flavor Version Tinstall Tcheck Ttotal Status Flags
r-devel-linux-x86_64-debian-clang 2.2 2.17 26.28 28.45 NOTE
r-devel-linux-x86_64-debian-gcc 2.2 1.62 21.11 22.73 NOTE
r-devel-linux-x86_64-fedora-clang 2.2 42.57 OK
r-devel-linux-x86_64-fedora-gcc 2.2 39.78 OK
r-devel-windows-x86_64 2.2 2.00 46.00 48.00 OK
r-patched-linux-x86_64 2.2 2.28 24.64 26.92 OK
r-release-linux-x86_64 2.2 2.20 24.37 26.57 OK
r-release-macos-arm64 2.2 OK
r-release-macos-x86_64 2.2 3.00 35.00 38.00 OK
r-release-windows-x86_64 2.2 3.00 45.00 48.00 OK
r-oldrel-macos-arm64 2.2 OK
r-oldrel-macos-x86_64 2.2 3.00 30.00 33.00 OK
r-oldrel-windows-x86_64 2.2 3.00 46.00 49.00 OK

Check Details

Version: 2.2
Check: CRAN incoming feasibility
Result: NOTE Maintainer: ‘Luke J. Keele <luke.keele@gmail.com>’ No Authors@R field in DESCRIPTION. Please add one, modifying Authors@R: person(given = c("Luke", "J."), family = "Keele", role = c("aut", "cre"), email = "luke.keele@gmail.com") as necessary. Flavors: r-devel-linux-x86_64-debian-clang, r-devel-linux-x86_64-debian-gcc