Last updated on 2024-07-18 01:55:40 CEST.
Flavor | Version | Tinstall | Tcheck | Ttotal | Status | Flags |
---|---|---|---|---|---|---|
r-devel-linux-x86_64-debian-clang | 1.0.3 | 68.35 | 54.87 | 123.22 | OK | |
r-devel-linux-x86_64-debian-gcc | 1.0.3 | 45.51 | 39.91 | 85.42 | OK | |
r-devel-linux-x86_64-fedora-clang | 1.0.3 | 142.70 | OK | |||
r-devel-linux-x86_64-fedora-gcc | 1.0.3 | 145.57 | OK | |||
r-devel-windows-x86_64 | 1.0.3 | 50.00 | 2224.00 | 2274.00 | NOTE | |
r-patched-linux-x86_64 | 1.0.3 | 48.60 | 50.88 | 99.48 | OK | |
r-release-linux-x86_64 | 1.0.3 | 55.29 | 50.60 | 105.89 | OK | |
r-release-macos-arm64 | 1.0.3 | 38.00 | OK | |||
r-release-macos-x86_64 | 1.0.3 | 45.00 | OK | |||
r-release-windows-x86_64 | 1.0.3 | 52.00 | 2008.00 | 2060.00 | NOTE | |
r-oldrel-macos-arm64 | 1.0.3 | 43.00 | NOTE | |||
r-oldrel-macos-x86_64 | 1.0.3 | 70.00 | NOTE | |||
r-oldrel-windows-x86_64 | 1.0.3 | 62.00 | 568.00 | 630.00 | NOTE |
Version: 1.0.3
Check: C++ specification
Result: NOTE
Specified C++11: please drop specification unless essential
Flavors: r-devel-windows-x86_64, r-release-windows-x86_64, r-oldrel-windows-x86_64
Version: 1.0.3
Check: package dependencies
Result: NOTE
Package suggested but not available for checking: ‘rhdf5’
Flavors: r-oldrel-macos-arm64, r-oldrel-macos-x86_64