Last updated on 2024-07-18 01:55:40 CEST.
Flavor | Version | Tinstall | Tcheck | Ttotal | Status | Flags |
---|---|---|---|---|---|---|
r-devel-linux-x86_64-debian-clang | 0.10.4 | 168.33 | 57.78 | 226.11 | OK | |
r-devel-linux-x86_64-debian-gcc | 0.10.4 | 120.11 | 42.41 | 162.52 | OK | |
r-devel-linux-x86_64-fedora-clang | 0.10.4 | 319.60 | OK | |||
r-devel-linux-x86_64-fedora-gcc | 0.10.4 | 345.54 | OK | |||
r-devel-windows-x86_64 | 0.10.4 | 131.00 | 95.00 | 226.00 | OK | |
r-patched-linux-x86_64 | 0.10.4 | 148.17 | 56.84 | 205.01 | OK | |
r-release-linux-x86_64 | 0.10.4 | 153.03 | 54.85 | 207.88 | OK | |
r-release-macos-arm64 | 0.10.4 | 59.00 | NOTE | |||
r-release-macos-x86_64 | 0.10.4 | 72.00 | NOTE | |||
r-release-windows-x86_64 | 0.10.4 | 133.00 | 98.00 | 231.00 | OK | |
r-oldrel-macos-arm64 | 0.10.4 | 72.00 | NOTE | |||
r-oldrel-macos-x86_64 | 0.10.4 | 84.00 | NOTE | |||
r-oldrel-windows-x86_64 | 0.10.4 | 162.00 | 109.00 | 271.00 | OK |
Version: 0.10.4
Check: installed package size
Result: NOTE
installed size is 9.8Mb
sub-directories of 1Mb or more:
libs 9.3Mb
Flavors: r-release-macos-arm64, r-release-macos-x86_64, r-oldrel-macos-arm64, r-oldrel-macos-x86_64