CRAN Package Check Results for Package rattle

Last updated on 2025-07-03 00:51:01 CEST.

Flavor Version Tinstall Tcheck Ttotal Status Flags
r-devel-linux-x86_64-debian-clang 5.5.1 20.81 97.74 118.55 NOTE
r-devel-linux-x86_64-debian-gcc 5.5.1 13.34 63.39 76.73 NOTE
r-devel-linux-x86_64-fedora-clang 5.5.1 188.83 NOTE
r-devel-linux-x86_64-fedora-gcc 5.5.1 197.47 NOTE
r-devel-windows-x86_64 5.5.1 22.00 108.00 130.00 NOTE
r-patched-linux-x86_64 5.5.1 23.10 89.98 113.08 NOTE
r-release-linux-x86_64 5.5.1 19.93 89.97 109.90 NOTE
r-release-macos-arm64 5.5.1 52.00 NOTE
r-release-macos-x86_64 5.5.1 110.00 NOTE
r-release-windows-x86_64 5.5.1 27.00 111.00 138.00 NOTE
r-oldrel-macos-arm64 5.5.1 57.00 NOTE
r-oldrel-macos-x86_64 5.5.1 138.00 NOTE
r-oldrel-windows-x86_64 5.5.1 30.00 130.00 160.00 NOTE

Check Details

Version: 5.5.1
Check: CRAN incoming feasibility
Result: NOTE Maintainer: ‘Graham Williams <Graham.Williams@togaware.com>’ Package CITATION file contains call(s) to old-style personList() or as.personList(). Please use c() on person objects instead. Package CITATION file contains call(s) to old-style citEntry(). Please use bibentry() instead. Flavors: r-devel-linux-x86_64-debian-clang, r-devel-linux-x86_64-debian-gcc

Version: 5.5.1
Check: Rd files
Result: NOTE checkRd: (-1) acquireAuditData.Rd:24: Escaped LaTeX specials: \_ checkRd: (-1) rattle.Rd:44: Escaped LaTeX specials: \_ Flavors: r-devel-linux-x86_64-debian-clang, r-devel-linux-x86_64-debian-gcc, r-devel-linux-x86_64-fedora-clang, r-devel-linux-x86_64-fedora-gcc, r-devel-windows-x86_64, r-patched-linux-x86_64, r-release-linux-x86_64, r-release-macos-arm64, r-release-macos-x86_64, r-release-windows-x86_64, r-oldrel-macos-arm64, r-oldrel-macos-x86_64, r-oldrel-windows-x86_64

Version: 5.5.1
Check: package dependencies
Result: NOTE Packages suggested but not available for checking: 'cairoDevice', 'RGtk2' Flavors: r-oldrel-macos-arm64, r-oldrel-macos-x86_64, r-oldrel-windows-x86_64

Version: 5.5.1
Check: installed package size
Result: NOTE installed size is 10.5Mb sub-directories of 1Mb or more: data 5.6Mb etc 1.9Mb po 1.2Mb Flavors: r-oldrel-macos-arm64, r-oldrel-macos-x86_64, r-oldrel-windows-x86_64