Last updated on 2025-11-03 12:50:00 CET.
| Flavor | Version | Tinstall | Tcheck | Ttotal | Status | Flags | 
|---|---|---|---|---|---|---|
| r-devel-linux-x86_64-debian-clang | 0.3.16 | 11.77 | 183.30 | 195.07 | OK | |
| r-devel-linux-x86_64-debian-gcc | 0.3.16 | 8.60 | 114.85 | 123.45 | OK | |
| r-devel-linux-x86_64-fedora-clang | 0.3.16 | 61.00 | 256.80 | 317.80 | OK | |
| r-devel-linux-x86_64-fedora-gcc | 0.3.16 | 26.00 | 282.11 | 308.11 | OK | |
| r-devel-windows-x86_64 | 0.3.16 | 14.00 | 174.00 | 188.00 | OK | |
| r-patched-linux-x86_64 | 0.3.16 | 13.09 | 172.66 | 185.75 | OK | |
| r-release-linux-x86_64 | 0.3.16 | 12.19 | 173.22 | 185.41 | OK | |
| r-release-macos-arm64 | 0.3.16 | 6.00 | 77.00 | 83.00 | OK | |
| r-release-macos-x86_64 | 0.3.16 | 11.00 | 185.00 | 196.00 | OK | |
| r-release-windows-x86_64 | 0.3.16 | 13.00 | 170.00 | 183.00 | OK | |
| r-oldrel-macos-arm64 | 0.3.16 | 7.00 | 78.00 | 85.00 | NOTE | |
| r-oldrel-macos-x86_64 | 0.3.16 | 11.00 | 146.00 | 157.00 | NOTE | |
| r-oldrel-windows-x86_64 | 0.3.16 | 21.00 | 237.00 | 258.00 | NOTE | 
Version: 0.3.16
Check: installed package size
Result: NOTE
    installed size is  6.0Mb
    sub-directories of 1Mb or more:
      data   5.4Mb
Flavors: r-oldrel-macos-arm64, r-oldrel-macos-x86_64, r-oldrel-windows-x86_64