Last updated on 2025-07-04 00:50:14 CEST.
Flavor | Version | Tinstall | Tcheck | Ttotal | Status | Flags |
---|---|---|---|---|---|---|
r-devel-linux-x86_64-debian-clang | 0.3.16 | 12.00 | 182.31 | 194.31 | OK | |
r-devel-linux-x86_64-debian-gcc | 0.3.16 | 8.18 | 116.57 | 124.75 | OK | |
r-devel-linux-x86_64-fedora-clang | 0.3.16 | 305.80 | OK | |||
r-devel-linux-x86_64-fedora-gcc | 0.3.16 | 301.46 | OK | |||
r-devel-windows-x86_64 | 0.3.16 | 17.00 | 174.00 | 191.00 | OK | |
r-patched-linux-x86_64 | 0.3.16 | 11.52 | 166.03 | 177.55 | OK | |
r-release-linux-x86_64 | 0.3.16 | 10.93 | 169.00 | 179.93 | OK | |
r-release-macos-arm64 | 0.3.16 | 83.00 | OK | |||
r-release-macos-x86_64 | 0.3.16 | 196.00 | OK | |||
r-release-windows-x86_64 | 0.3.16 | 16.00 | 173.00 | 189.00 | OK | |
r-oldrel-macos-arm64 | 0.3.16 | 85.00 | NOTE | |||
r-oldrel-macos-x86_64 | 0.3.16 | 157.00 | NOTE | |||
r-oldrel-windows-x86_64 | 0.3.16 | 21.00 | 232.00 | 253.00 | NOTE |
Version: 0.3.16
Check: installed package size
Result: NOTE
installed size is 6.0Mb
sub-directories of 1Mb or more:
data 5.4Mb
Flavors: r-oldrel-macos-arm64, r-oldrel-macos-x86_64, r-oldrel-windows-x86_64