Last updated on 2025-11-03 12:50:00 CET.
| Flavor | Version | Tinstall | Tcheck | Ttotal | Status | Flags | 
|---|---|---|---|---|---|---|
| r-devel-linux-x86_64-debian-clang | 2.3.0 | 4.75 | 56.37 | 61.12 | NOTE | |
| r-devel-linux-x86_64-debian-gcc | 2.3.0 | 3.04 | 41.38 | 44.42 | NOTE | |
| r-devel-linux-x86_64-fedora-clang | 2.3.0 | 25.00 | 71.54 | 96.54 | OK | |
| r-devel-linux-x86_64-fedora-gcc | 2.3.0 | 101.96 | OK | |||
| r-devel-windows-x86_64 | 2.3.0 | 6.00 | 78.00 | 84.00 | OK | |
| r-patched-linux-x86_64 | 2.3.0 | 4.71 | 52.13 | 56.84 | OK | |
| r-release-linux-x86_64 | 2.3.0 | 4.43 | 51.71 | 56.14 | OK | |
| r-release-macos-arm64 | 2.3.0 | 2.00 | 34.00 | 36.00 | OK | |
| r-release-macos-x86_64 | 2.3.0 | 3.00 | 56.00 | 59.00 | OK | |
| r-release-windows-x86_64 | 2.3.0 | 7.00 | 77.00 | 84.00 | OK | |
| r-oldrel-macos-arm64 | 2.3.0 | 2.00 | 31.00 | 33.00 | OK | |
| r-oldrel-macos-x86_64 | 2.3.0 | 3.00 | 47.00 | 50.00 | OK | |
| r-oldrel-windows-x86_64 | 2.3.0 | 10.00 | 93.00 | 103.00 | OK | 
Version: 2.3.0
Check: CRAN incoming feasibility
Result: NOTE
  Maintainer: ‘Mark Hogue <mark.hogue.chp@gmail.com>’
  
  No Authors@R field in DESCRIPTION.
  Please add one, modifying
    Authors@R: person(given = "Mark",
                      family = "Hogue",
                      role = c("aut", "cre"),
                      email = "mark.hogue.chp@gmail.com")
  as necessary.
Flavors: r-devel-linux-x86_64-debian-clang, r-devel-linux-x86_64-debian-gcc