Last updated on 2025-11-03 12:50:00 CET.
| Flavor | Version | Tinstall | Tcheck | Ttotal | Status | Flags | 
|---|---|---|---|---|---|---|
| r-devel-linux-x86_64-debian-clang | 2.1.16 | 13.22 | 87.27 | 100.49 | OK | |
| r-devel-linux-x86_64-debian-gcc | 2.1.16 | 9.12 | 58.33 | 67.45 | OK | |
| r-devel-linux-x86_64-fedora-clang | 2.1.16 | 34.00 | 120.19 | 154.19 | OK | |
| r-devel-linux-x86_64-fedora-gcc | 2.1.16 | 28.00 | 115.04 | 143.04 | OK | |
| r-devel-windows-x86_64 | 2.1.16 | 24.00 | 120.00 | 144.00 | OK | |
| r-patched-linux-x86_64 | 2.1.16 | 16.42 | 80.86 | 97.28 | OK | |
| r-release-linux-x86_64 | 2.1.16 | 13.30 | 82.98 | 96.28 | OK | |
| r-release-macos-arm64 | 2.1.16 | 8.00 | 54.00 | 62.00 | OK | |
| r-release-macos-x86_64 | 2.1.16 | 22.00 | 90.00 | 112.00 | OK | |
| r-release-windows-x86_64 | 2.1.16 | 24.00 | 117.00 | 141.00 | OK | |
| r-oldrel-macos-arm64 | 2.1.16 | 7.00 | 42.00 | 49.00 | NOTE | |
| r-oldrel-macos-x86_64 | 2.1.16 | 11.00 | 115.00 | 126.00 | NOTE | |
| r-oldrel-windows-x86_64 | 2.1.16 | 26.00 | 147.00 | 173.00 | NOTE | 
Version: 2.1.16
Check: installed package size
Result: NOTE
    installed size is 11.9Mb
    sub-directories of 1Mb or more:
      api           3.1Mb
      htmlwidgets   7.1Mb
Flavors: r-oldrel-macos-arm64, r-oldrel-macos-x86_64, r-oldrel-windows-x86_64