Last updated on 2024-06-14 00:53:54 CEST.
Flavor | Version | Tinstall | Tcheck | Ttotal | Status | Flags |
---|---|---|---|---|---|---|
r-devel-linux-x86_64-debian-clang | 0.1.0 | 2.87 | 38.99 | 41.86 | OK | |
r-devel-linux-x86_64-debian-gcc | 0.1.0 | 2.70 | 28.97 | 31.67 | ERROR | |
r-devel-linux-x86_64-fedora-clang | 0.1.0 | 55.14 | OK | |||
r-devel-linux-x86_64-fedora-gcc | 0.1.0 | 63.52 | OK | |||
r-devel-windows-x86_64 | 0.1.0 | 3.00 | 54.00 | 57.00 | OK | |
r-patched-linux-x86_64 | 0.1.0 | 3.68 | 38.81 | 42.49 | OK | |
r-release-linux-x86_64 | 0.1.0 | 3.26 | 39.52 | 42.78 | OK | |
r-release-macos-arm64 | 0.1.0 | 28.00 | OK | |||
r-release-macos-x86_64 | 0.1.0 | 40.00 | OK | |||
r-release-windows-x86_64 | 0.1.0 | 4.00 | 63.00 | 67.00 | OK | |
r-oldrel-macos-arm64 | 0.1.0 | 118.00 | OK | |||
r-oldrel-macos-x86_64 | 0.1.0 | 157.00 | OK | |||
r-oldrel-windows-x86_64 | 0.1.0 | 4.00 | 65.00 | 69.00 | OK |
Version: 0.1.0
Check: package dependencies
Result: NOTE
Package suggested but not available for checking: ‘testthat’
Flavor: r-devel-linux-x86_64-debian-gcc
Version: 0.1.0
Check: tests
Result: ERROR
Running ‘testthat.R’ [0s/0s]
Running the tests in ‘tests/testthat.R’ failed.
Complete output:
> # This file is part of the standard setup for testthat.
> # It is recommended that you do not modify it.
> #
> # Where should you do additional test configuration?
> # Learn more about the roles of various files in:
> # * https://r-pkgs.org/testing-design.html#sec-tests-files-overview
> # * https://testthat.r-lib.org/articles/special-files.html
>
> library(testthat)
Error in library(testthat) : there is no package called 'testthat'
Execution halted
Flavor: r-devel-linux-x86_64-debian-gcc