Last updated on 2025-07-04 00:50:14 CEST.
Flavor | Version | Tinstall | Tcheck | Ttotal | Status | Flags |
---|---|---|---|---|---|---|
r-devel-linux-x86_64-debian-clang | 0.3.11 | 7.55 | 329.57 | 337.12 | NOTE | |
r-devel-linux-x86_64-debian-gcc | 0.3.11 | 5.74 | 285.11 | 290.85 | NOTE | |
r-devel-linux-x86_64-fedora-clang | 0.3.11 | 485.40 | OK | |||
r-devel-linux-x86_64-fedora-gcc | 0.3.11 | 480.06 | OK | |||
r-devel-windows-x86_64 | 0.3.11 | 8.00 | 304.00 | 312.00 | OK | |
r-patched-linux-x86_64 | 0.3.11 | 7.39 | 321.97 | 329.36 | OK | |
r-release-linux-x86_64 | 0.3.11 | 6.16 | 321.11 | 327.27 | OK | |
r-release-macos-arm64 | 0.3.11 | 179.00 | OK | |||
r-release-macos-x86_64 | 0.3.11 | 330.00 | OK | |||
r-release-windows-x86_64 | 0.3.11 | 8.00 | 289.00 | 297.00 | OK | |
r-oldrel-macos-arm64 | 0.3.11 | 155.00 | OK | |||
r-oldrel-macos-x86_64 | 0.3.11 | 218.00 | OK | |||
r-oldrel-windows-x86_64 | 0.3.11 | 11.00 | 394.00 | 405.00 | OK |
Version: 0.3.11
Check: CRAN incoming feasibility
Result: NOTE
Maintainer: ‘Zachary Kurtz <zdkurtz@gmail.com>’
The Description field contains
Müller, Richard Bonneau, Zachary Kurtz (2016) <arXiv:1605.07072>.
Please refer to arXiv e-prints via their arXiv DOI <doi:10.48550/arXiv.YYMM.NNNNN>.
Flavors: r-devel-linux-x86_64-debian-clang, r-devel-linux-x86_64-debian-gcc