CRAN Package Check Results for Package proteus

Last updated on 2025-07-04 00:50:13 CEST.

Flavor Version Tinstall Tcheck Ttotal Status Flags
r-devel-linux-x86_64-debian-clang 1.1.5 20.63 6.24 26.87 ERROR
r-devel-linux-x86_64-debian-gcc 1.1.5 15.16 4.49 19.65 ERROR
r-devel-linux-x86_64-fedora-clang 1.1.5 479.98 OK
r-devel-linux-x86_64-fedora-gcc 1.1.5 489.77 OK
r-devel-windows-x86_64 1.1.5 22.00 277.00 299.00 OK
r-patched-linux-x86_64 1.1.5 20.15 5.70 25.85 ERROR
r-release-linux-x86_64 1.1.5 18.57 5.88 24.45 ERROR
r-release-macos-arm64 1.1.5 161.00 OK
r-release-macos-x86_64 1.1.5 212.00 OK
r-release-windows-x86_64 1.1.5 25.00 284.00 309.00 OK
r-oldrel-macos-arm64 1.1.5 148.00 OK
r-oldrel-macos-x86_64 1.1.5 219.00 OK
r-oldrel-windows-x86_64 1.1.5 30.00 332.00 362.00 OK

Check Details

Version: 1.1.5
Check: whether the package can be loaded
Result: ERROR Loading this package had a fatal error status code 1 Loading log: Error: package or namespace load failed for ‘proteus’: .onLoad failed in loadNamespace() for 'torch', details: call: inst_path() error: torch cannot write into '/home/hornik/tmp/R.check/r-devel-clang/Work/build/Packages/torch/'. Execution halted Flavor: r-devel-linux-x86_64-debian-clang

Version: 1.1.5
Check: whether the package can be loaded
Result: ERROR Loading this package had a fatal error status code 1 Loading log: Error: package or namespace load failed for ‘proteus’: .onLoad failed in loadNamespace() for 'torch', details: call: inst_path() error: torch cannot write into '/home/hornik/tmp/R.check/r-devel-gcc/Work/build/Packages/torch/'. Execution halted Flavor: r-devel-linux-x86_64-debian-gcc

Version: 1.1.5
Check: whether the package can be loaded
Result: ERROR Loading this package had a fatal error status code 1 Loading log: Error: package or namespace load failed for ‘proteus’: .onLoad failed in loadNamespace() for 'torch', details: call: inst_path() error: torch cannot write into '/home/hornik/tmp/R.check/r-patched-gcc/Work/build/Packages/torch/'. Execution halted Flavor: r-patched-linux-x86_64

Version: 1.1.5
Check: whether the package can be loaded
Result: ERROR Loading this package had a fatal error status code 1 Loading log: Error: package or namespace load failed for ‘proteus’: .onLoad failed in loadNamespace() for 'torch', details: call: inst_path() error: torch cannot write into '/home/hornik/tmp/R.check/r-release-gcc/Work/build/Packages/torch/'. Execution halted Flavor: r-release-linux-x86_64