Last updated on 2025-11-03 12:50:00 CET.
| Flavor | Version | Tinstall | Tcheck | Ttotal | Status | Flags | 
|---|---|---|---|---|---|---|
| r-devel-linux-x86_64-debian-clang | 0.2.3 | 5.26 | 103.18 | 108.44 | ERROR | |
| r-devel-linux-x86_64-debian-gcc | 0.2.3 | 3.50 | 72.97 | 76.47 | ERROR | |
| r-devel-linux-x86_64-fedora-clang | 0.2.3 | 11.00 | 150.77 | 161.77 | ERROR | |
| r-devel-linux-x86_64-fedora-gcc | 0.2.3 | 11.00 | 168.74 | 179.74 | OK | |
| r-devel-windows-x86_64 | 0.2.3 | 7.00 | 101.00 | 108.00 | ERROR | |
| r-patched-linux-x86_64 | 0.2.3 | 5.17 | 96.91 | 102.08 | ERROR | |
| r-release-linux-x86_64 | 0.2.3 | 3.95 | 98.63 | 102.58 | ERROR | |
| r-release-macos-arm64 | 0.2.3 | 2.00 | 52.00 | 54.00 | OK | |
| r-release-macos-x86_64 | 0.2.3 | 4.00 | 93.00 | 97.00 | OK | |
| r-release-windows-x86_64 | 0.2.3 | 7.00 | 100.00 | 107.00 | ERROR | |
| r-oldrel-macos-arm64 | 0.2.3 | 2.00 | 42.00 | 44.00 | OK | |
| r-oldrel-macos-x86_64 | 0.2.3 | 3.00 | 80.00 | 83.00 | OK | |
| r-oldrel-windows-x86_64 | 0.2.3 | 10.00 | 131.00 | 141.00 | ERROR | 
Version: 0.2.3
Check: re-building of vignette outputs
Result: ERROR
  Error(s) in re-building vignettes:
    ...
  --- re-building ‘how-to-use.Rmd’ using rmarkdown
  Warning in doTryCatch(return(expr), name, parentenv, handler) :
    "lwd.ticks" is not a graphical parameter
  Warning in doTryCatch(return(expr), name, parentenv, handler) :
    "lwd.ticks" is not a graphical parameter
  Warning in doTryCatch(return(expr), name, parentenv, handler) :
    "lwd.ticks" is not a graphical parameter
  Warning in doTryCatch(return(expr), name, parentenv, handler) :
    "lwd.ticks" is not a graphical parameter
  [WARNING] Deprecated: --highlight-style. Use --syntax-highlighting instead.
  --- finished re-building ‘how-to-use.Rmd’
  
  --- re-building ‘plots-gallery.Rmd’ using rmarkdown
  
  Quitting from plots-gallery.Rmd:1148-1150 [unnamed-chunk-47]
  ~~~~~~~~~~~~~~~~~~~~~~~~~~~~~~~~~~~~~~~~~~~~~~~~~~~~~~~~~~~~~~~~~~~~~~~~~~~~~~~~
  NULL
  ~~~~~~~~~~~~~~~~~~~~~~~~~~~~~~~~~~~~~~~~~~~~~~~~~~~~~~~~~~~~~~~~~~~~~~~~~~~~~~~~
  
  Error: processing vignette 'plots-gallery.Rmd' failed with diagnostics:
  Problem while computing stat.
  ℹ Error occurred in the 1st layer.
  Caused by error in `compute_layer()`:
  ! The package "MASS" is required for calculating 2D density.
  --- failed re-building ‘plots-gallery.Rmd’
  
  SUMMARY: processing the following file failed:
    ‘plots-gallery.Rmd’
  
  Error: Vignette re-building failed.
  Execution halted
Flavors: r-devel-linux-x86_64-debian-clang, r-devel-linux-x86_64-debian-gcc, r-patched-linux-x86_64, r-release-linux-x86_64
Version: 0.2.3
Check: re-building of vignette outputs
Result: ERROR
  Error(s) in re-building vignettes:
  --- re-building ‘how-to-use.Rmd’ using rmarkdown
  Warning in doTryCatch(return(expr), name, parentenv, handler) :
    "lwd.ticks" is not a graphical parameter
  Warning in doTryCatch(return(expr), name, parentenv, handler) :
    "lwd.ticks" is not a graphical parameter
  Warning in doTryCatch(return(expr), name, parentenv, handler) :
    "lwd.ticks" is not a graphical parameter
  Warning in doTryCatch(return(expr), name, parentenv, handler) :
    "lwd.ticks" is not a graphical parameter
  [WARNING] Deprecated: --highlight-style. Use --syntax-highlighting instead.
  --- finished re-building ‘how-to-use.Rmd’
  
  --- re-building ‘plots-gallery.Rmd’ using rmarkdown
  
  Quitting from plots-gallery.Rmd:1148-1150 [unnamed-chunk-47]
  ~~~~~~~~~~~~~~~~~~~~~~~~~~~~~~~~~~~~~~~~~~~~~~~~~~~~~~~~~~~~~~~~~~~~~~~~~~~~~~~~
  NULL
  ~~~~~~~~~~~~~~~~~~~~~~~~~~~~~~~~~~~~~~~~~~~~~~~~~~~~~~~~~~~~~~~~~~~~~~~~~~~~~~~~
  
  Error: processing vignette 'plots-gallery.Rmd' failed with diagnostics:
  Problem while computing stat.
  ℹ Error occurred in the 1st layer.
  Caused by error in `compute_layer()`:
  ! The package "MASS" is required for calculating 2D density.
  --- failed re-building ‘plots-gallery.Rmd’
  
  SUMMARY: processing the following file failed:
    ‘plots-gallery.Rmd’
  
  Error: Vignette re-building failed.
  Execution halted
Flavor: r-devel-linux-x86_64-fedora-clang
Version: 0.2.3
Check: re-building of vignette outputs
Result: ERROR
  Error(s) in re-building vignettes:
  --- re-building 'how-to-use.Rmd' using rmarkdown
  Warning in doTryCatch(return(expr), name, parentenv, handler) :
    "lwd.ticks" is not a graphical parameter
  Warning in doTryCatch(return(expr), name, parentenv, handler) :
    "lwd.ticks" is not a graphical parameter
  Warning in doTryCatch(return(expr), name, parentenv, handler) :
    "lwd.ticks" is not a graphical parameter
  Warning in doTryCatch(return(expr), name, parentenv, handler) :
    "lwd.ticks" is not a graphical parameter
  --- finished re-building 'how-to-use.Rmd'
  
  --- re-building 'plots-gallery.Rmd' using rmarkdown
  
  Quitting from plots-gallery.Rmd:1148-1150 [unnamed-chunk-47]
  ~~~~~~~~~~~~~~~~~~~~~~~~~~~~~~~~~~~~~~~~~~~~~~~~~~~~~~~~~~~~~~~~~~~~~~~~~~~~~~~~
  NULL
  ~~~~~~~~~~~~~~~~~~~~~~~~~~~~~~~~~~~~~~~~~~~~~~~~~~~~~~~~~~~~~~~~~~~~~~~~~~~~~~~~
  
  Error: processing vignette 'plots-gallery.Rmd' failed with diagnostics:
  Problem while computing stat.
  ℹ Error occurred in the 1st layer.
  Caused by error in `compute_layer()`:
  ! The package "MASS" is required for calculating 2D density.
  --- failed re-building 'plots-gallery.Rmd'
  
  SUMMARY: processing the following file failed:
    'plots-gallery.Rmd'
  
  Error: Vignette re-building failed.
  Execution halted
Flavors: r-devel-windows-x86_64, r-release-windows-x86_64, r-oldrel-windows-x86_64