Last updated on 2024-07-18 01:55:39 CEST.
Flavor | Version | Tinstall | Tcheck | Ttotal | Status | Flags |
---|---|---|---|---|---|---|
r-devel-linux-x86_64-debian-clang | 1.1.0 | 30.96 | 180.84 | 211.80 | OK | |
r-devel-linux-x86_64-debian-gcc | 1.1.0 | 19.63 | 127.53 | 147.16 | OK | |
r-devel-linux-x86_64-fedora-clang | 1.1.0 | 243.46 | NOTE | |||
r-devel-linux-x86_64-fedora-gcc | 1.1.0 | 240.11 | OK | |||
r-devel-windows-x86_64 | 1.1.0 | 23.00 | 134.00 | 157.00 | NOTE | |
r-patched-linux-x86_64 | 1.1.0 | 24.71 | 166.58 | 191.29 | OK | |
r-release-linux-x86_64 | 1.1.0 | 19.58 | 168.32 | 187.90 | OK | |
r-release-macos-arm64 | 1.1.0 | 63.00 | OK | |||
r-release-macos-x86_64 | 1.1.0 | 96.00 | OK | |||
r-release-windows-x86_64 | 1.1.0 | 22.00 | 139.00 | 161.00 | OK | |
r-oldrel-macos-arm64 | 1.1.0 | 72.00 | OK | |||
r-oldrel-macos-x86_64 | 1.1.0 | 169.00 | OK | |||
r-oldrel-windows-x86_64 | 1.1.0 | 30.00 | 168.00 | 198.00 | OK |
Version: 1.1.0
Check: Rd cross-references
Result: NOTE
Undeclared package ‘TMB’ in Rd xrefs
Flavor: r-devel-linux-x86_64-fedora-clang
Version: 1.1.0
Check: Rd cross-references
Result: NOTE
Found the following Rd file(s) with Rd \link{} targets missing package
anchors:
semireg_tmb.Rd: family_glmmTMB, glmmTMBControl
Please provide package anchors for all Rd \link{} targets not in the
package itself and the base packages.
Flavor: r-devel-windows-x86_64