Last updated on 2025-11-03 12:49:59 CET.
| Flavor | Version | Tinstall | Tcheck | Ttotal | Status | Flags | 
|---|---|---|---|---|---|---|
| r-devel-linux-x86_64-debian-clang | 1.6.2 | 4.88 | 46.08 | 50.96 | OK | |
| r-devel-linux-x86_64-debian-gcc | 1.6.2 | 3.33 | 32.10 | 35.43 | OK | |
| r-devel-linux-x86_64-fedora-clang | 1.6.2 | 12.00 | 62.45 | 74.45 | NOTE | |
| r-devel-linux-x86_64-fedora-gcc | 1.6.2 | 11.00 | 60.34 | 71.34 | NOTE | |
| r-devel-windows-x86_64 | 1.6.2 | 7.00 | 63.00 | 70.00 | OK | |
| r-patched-linux-x86_64 | 1.6.2 | 6.54 | 41.86 | 48.40 | OK | |
| r-release-linux-x86_64 | 1.6.2 | 3.54 | 41.79 | 45.33 | OK | |
| r-release-macos-arm64 | 1.6.2 | 2.00 | 22.00 | 24.00 | OK | |
| r-release-macos-x86_64 | 1.6.2 | 4.00 | 42.00 | 46.00 | OK | |
| r-release-windows-x86_64 | 1.6.2 | 8.00 | 63.00 | 71.00 | OK | |
| r-oldrel-macos-arm64 | 1.6.2 | 2.00 | 26.00 | 28.00 | OK | |
| r-oldrel-macos-x86_64 | 1.6.2 | 6.00 | 60.00 | 66.00 | OK | |
| r-oldrel-windows-x86_64 | 1.6.2 | 9.00 | 76.00 | 85.00 | OK | 
Version: 1.6.2
Check: dependencies in R code
Result: NOTE
  Namespaces in Imports field not imported from:
    ‘bslib’ ‘shinyjs’
    All declared Imports should be used.
Flavors: r-devel-linux-x86_64-fedora-clang, r-devel-linux-x86_64-fedora-gcc