Last updated on 2025-11-03 12:49:59 CET.
| Flavor | Version | Tinstall | Tcheck | Ttotal | Status | Flags | 
|---|---|---|---|---|---|---|
| r-devel-linux-x86_64-debian-clang | 0.2.5 | 9.13 | 446.20 | 455.33 | OK | |
| r-devel-linux-x86_64-debian-gcc | 0.2.5 | 5.68 | 292.71 | 298.39 | OK | |
| r-devel-linux-x86_64-fedora-clang | 0.2.5 | 21.00 | 685.45 | 706.45 | OK | |
| r-devel-linux-x86_64-fedora-gcc | 0.2.5 | 19.00 | 698.06 | 717.06 | OK | |
| r-devel-windows-x86_64 | 0.2.5 | 10.00 | 458.00 | 468.00 | OK | |
| r-patched-linux-x86_64 | 0.2.5 | 8.42 | 427.55 | 435.97 | OK | |
| r-release-linux-x86_64 | 0.2.5 | 8.29 | 421.02 | 429.31 | OK | |
| r-release-macos-arm64 | 0.2.5 | 3.00 | 188.00 | 191.00 | OK | |
| r-release-macos-x86_64 | 0.2.5 | 6.00 | 407.00 | 413.00 | OK | |
| r-release-windows-x86_64 | 0.2.5 | 11.00 | 448.00 | 459.00 | OK | |
| r-oldrel-macos-arm64 | 0.2.5 | 3.00 | 195.00 | 198.00 | NOTE | |
| r-oldrel-macos-x86_64 | 0.2.5 | 6.00 | 496.00 | 502.00 | NOTE | |
| r-oldrel-windows-x86_64 | 0.2.5 | 14.00 | 592.00 | 606.00 | NOTE | 
Version: 0.2.5
Check: installed package size
Result: NOTE
    installed size is 11.0Mb
    sub-directories of 1Mb or more:
      doc  10.5Mb
Flavors: r-oldrel-macos-arm64, r-oldrel-macos-x86_64, r-oldrel-windows-x86_64