Last updated on 2025-07-04 00:50:13 CEST.
Flavor | Version | Tinstall | Tcheck | Ttotal | Status | Flags |
---|---|---|---|---|---|---|
r-devel-linux-x86_64-debian-clang | 1.7.7 | 27.45 | 223.54 | 250.99 | NOTE | |
r-devel-linux-x86_64-debian-gcc | 1.7.7 | 19.48 | 157.78 | 177.26 | NOTE | |
r-devel-linux-x86_64-fedora-clang | 1.7.7 | 423.58 | OK | |||
r-devel-linux-x86_64-fedora-gcc | 1.7.7 | 373.68 | OK | |||
r-devel-windows-x86_64 | 1.7.7 | 29.00 | 213.00 | 242.00 | OK | |
r-patched-linux-x86_64 | 1.7.7 | 30.50 | 209.67 | 240.17 | OK | |
r-release-linux-x86_64 | 1.7.7 | 30.17 | 212.66 | 242.83 | OK | |
r-release-macos-arm64 | 1.7.7 | 103.00 | OK | |||
r-release-macos-x86_64 | 1.7.7 | 202.00 | OK | |||
r-release-windows-x86_64 | 1.7.7 | 31.00 | 211.00 | 242.00 | OK | |
r-oldrel-macos-arm64 | 1.7.7 | 99.00 | OK | |||
r-oldrel-macos-x86_64 | 1.7.7 | 159.00 | OK | |||
r-oldrel-windows-x86_64 | 1.7.7 | 43.00 | 280.00 | 323.00 | OK |
Version: 1.7.7
Check: CRAN incoming feasibility
Result: NOTE
Maintainer: ‘Frederic Bertrand <frederic.bertrand@utt.fr>’
Package CITATION file contains call(s) to old-style personList() or
as.personList(). Please use c() on person objects instead.
Package CITATION file contains call(s) to old-style citEntry(). Please
use bibentry() instead.
The Description field contains
in <arXiv:1810.02962>, Bertrand, F., Bastien, Ph. and Maumy-Bertrand,
Please refer to arXiv e-prints via their arXiv DOI <doi:10.48550/arXiv.YYMM.NNNNN>.
Flavors: r-devel-linux-x86_64-debian-clang, r-devel-linux-x86_64-debian-gcc