Last updated on 2024-07-18 01:55:39 CEST.
Flavor | Version | Tinstall | Tcheck | Ttotal | Status | Flags |
---|---|---|---|---|---|---|
r-devel-linux-x86_64-debian-clang | 2.8-3 | 6.45 | 73.90 | 80.35 | OK | |
r-devel-linux-x86_64-debian-gcc | 2.8-3 | 4.46 | 54.45 | 58.91 | OK | |
r-devel-linux-x86_64-fedora-clang | 2.8-3 | 99.52 | NOTE | |||
r-devel-linux-x86_64-fedora-gcc | 2.8-3 | 110.02 | OK | |||
r-devel-windows-x86_64 | 2.8-3 | 7.00 | 94.00 | 101.00 | OK | |
r-patched-linux-x86_64 | 2.8-3 | 7.42 | 72.28 | 79.70 | OK | |
r-release-linux-x86_64 | 2.8-3 | 6.04 | 71.39 | 77.43 | OK | |
r-release-macos-arm64 | 2.8-3 | 36.00 | NOTE | |||
r-release-macos-x86_64 | 2.8-3 | 58.00 | NOTE | |||
r-release-windows-x86_64 | 2.8-3 | 7.00 | 97.00 | 104.00 | OK | |
r-oldrel-macos-arm64 | 2.8-3 | 50.00 | NOTE | |||
r-oldrel-macos-x86_64 | 2.8-3 | 173.00 | NOTE | |||
r-oldrel-windows-x86_64 | 2.8-3 | 8.00 | 97.00 | 105.00 | OK |
Version: 2.8-3
Check: Rd cross-references
Result: NOTE
Undeclared package ‘sm’ in Rd xrefs
Flavor: r-devel-linux-x86_64-fedora-clang
Version: 2.8-3
Check: package dependencies
Result: NOTE
Package suggested but not available for checking: ‘Rmpi’
Flavors: r-release-macos-arm64, r-release-macos-x86_64, r-oldrel-macos-arm64, r-oldrel-macos-x86_64