Last updated on 2025-11-03 12:49:59 CET.
| Flavor | Version | Tinstall | Tcheck | Ttotal | Status | Flags | 
|---|---|---|---|---|---|---|
| r-devel-linux-x86_64-debian-clang | 0.9.0 | 49.24 | 90.68 | 139.92 | OK | |
| r-devel-linux-x86_64-debian-gcc | 0.9.0 | 34.41 | 58.84 | 93.25 | OK | |
| r-devel-linux-x86_64-fedora-clang | 0.9.0 | 89.00 | 116.47 | 205.47 | OK | |
| r-devel-linux-x86_64-fedora-gcc | 0.9.0 | 96.00 | 115.13 | 211.13 | OK | |
| r-devel-windows-x86_64 | 0.9.0 | 70.00 | 100.00 | 170.00 | OK | |
| r-patched-linux-x86_64 | 0.9.0 | 47.67 | 83.71 | 131.38 | OK | |
| r-release-linux-x86_64 | 0.9.0 | 46.57 | 82.73 | 129.30 | OK | |
| r-release-macos-arm64 | 0.9.0 | 25.00 | 33.00 | 58.00 | OK | |
| r-release-macos-x86_64 | 0.9.0 | 36.00 | 70.00 | 106.00 | OK | |
| r-release-windows-x86_64 | 0.9.0 | 71.00 | 96.00 | 167.00 | OK | |
| r-oldrel-macos-arm64 | 0.9.0 | 19.00 | 37.00 | 56.00 | NOTE | |
| r-oldrel-macos-x86_64 | 0.9.0 | 42.00 | 78.00 | 120.00 | NOTE | |
| r-oldrel-windows-x86_64 | 0.9.0 | 87.00 | 129.00 | 216.00 | OK | 
Version: 0.9.0
Check: installed package size
Result: NOTE
    installed size is  6.1Mb
    sub-directories of 1Mb or more:
      R      2.1Mb
      libs   3.1Mb
Flavors: r-oldrel-macos-arm64, r-oldrel-macos-x86_64