Last updated on 2025-11-03 12:49:59 CET.
| Flavor | Version | Tinstall | Tcheck | Ttotal | Status | Flags | 
|---|---|---|---|---|---|---|
| r-devel-linux-x86_64-debian-clang | 0.1.9 | 1.88 | 56.15 | 58.03 | NOTE | |
| r-devel-linux-x86_64-debian-gcc | 0.1.9 | 1.55 | 39.88 | 41.43 | NOTE | |
| r-devel-linux-x86_64-fedora-clang | 0.1.9 | 92.03 | NOTE | |||
| r-devel-linux-x86_64-fedora-gcc | 0.1.9 | 101.46 | NOTE | |||
| r-devel-windows-x86_64 | 0.1.9 | 4.00 | 73.00 | 77.00 | OK | |
| r-patched-linux-x86_64 | 0.1.9 | 1.88 | 54.56 | 56.44 | OK | |
| r-release-linux-x86_64 | 0.1.9 | 1.85 | 53.49 | 55.34 | OK | |
| r-release-macos-arm64 | 0.1.9 | 1.00 | 33.00 | 34.00 | OK | |
| r-release-macos-x86_64 | 0.1.9 | 2.00 | 63.00 | 65.00 | OK | |
| r-release-windows-x86_64 | 0.1.9 | 4.00 | 68.00 | 72.00 | OK | |
| r-oldrel-macos-arm64 | 0.1.9 | 1.00 | 32.00 | 33.00 | OK | |
| r-oldrel-macos-x86_64 | 0.1.9 | 2.00 | 52.00 | 54.00 | OK | |
| r-oldrel-windows-x86_64 | 0.1.9 | 6.00 | 86.00 | 92.00 | OK | 
Version: 0.1.9
Check: CRAN incoming feasibility
Result: NOTE
  Maintainer: ‘Lars Van Cutsem <lars.vancutsem@hotmail.com>’
  
  No Authors@R field in DESCRIPTION.
  Please add one, modifying
    Authors@R: person(given = "Lars",
                      family = "Van Cutsem",
                      role = c("aut", "cre"),
                      email = "lars.vancutsem@hotmail.com")
  as necessary.
Flavors: r-devel-linux-x86_64-debian-clang, r-devel-linux-x86_64-debian-gcc
Version: 0.1.9
Check: dependencies in R code
Result: NOTE
  Namespace in Imports field not imported from: ‘ggplot2’
    All declared Imports should be used.
Flavors: r-devel-linux-x86_64-fedora-clang, r-devel-linux-x86_64-fedora-gcc