Last updated on 2024-07-18 01:55:39 CEST.
Flavor | Version | Tinstall | Tcheck | Ttotal | Status | Flags |
---|---|---|---|---|---|---|
r-devel-linux-x86_64-debian-clang | 2.0.2 | 6.57 | 69.01 | 75.58 | OK | |
r-devel-linux-x86_64-debian-gcc | 2.0.2 | 5.42 | 52.81 | 58.23 | OK | |
r-devel-linux-x86_64-fedora-clang | 2.0.2 | 96.80 | OK | |||
r-devel-linux-x86_64-fedora-gcc | 2.0.2 | 105.44 | OK | |||
r-devel-windows-x86_64 | 2.0.2 | 7.00 | 108.00 | 115.00 | NOTE | |
r-patched-linux-x86_64 | 2.0.2 | 8.07 | 65.60 | 73.67 | OK | |
r-release-linux-x86_64 | 2.0.2 | 5.51 | 67.14 | 72.65 | OK | |
r-release-macos-arm64 | 2.0.2 | 39.00 | OK | |||
r-release-macos-x86_64 | 2.0.2 | 65.00 | OK | |||
r-release-windows-x86_64 | 2.0.2 | 6.00 | 109.00 | 115.00 | OK | |
r-oldrel-macos-arm64 | 2.0.2 | 43.00 | OK | |||
r-oldrel-macos-x86_64 | 2.0.2 | 66.00 | OK | |||
r-oldrel-windows-x86_64 | 2.0.2 | 6.00 | 107.00 | 113.00 | OK |
Version: 2.0.2
Check: Rd cross-references
Result: NOTE
Found the following Rd file(s) with Rd \link{} targets missing package
anchors:
estimators.Rd: nleqslv, BBsolve
Please provide package anchors for all Rd \link{} targets not in the
package itself and the base packages.
Flavor: r-devel-windows-x86_64