Last updated on 2025-11-03 12:49:59 CET.
| Flavor | Version | Tinstall | Tcheck | Ttotal | Status | Flags | 
|---|---|---|---|---|---|---|
| r-devel-linux-x86_64-debian-clang | 0.0.1 | 12.84 | 28.24 | 41.08 | NOTE | |
| r-devel-linux-x86_64-debian-gcc | 0.0.1 | 9.28 | 22.99 | 32.27 | NOTE | |
| r-devel-linux-x86_64-fedora-clang | 0.0.1 | 30.00 | 33.36 | 63.36 | OK | |
| r-devel-linux-x86_64-fedora-gcc | 0.0.1 | 32.00 | 31.22 | 63.22 | OK | |
| r-devel-windows-x86_64 | 0.0.1 | 15.00 | 62.00 | 77.00 | OK | |
| r-patched-linux-x86_64 | 0.0.1 | 14.25 | 26.59 | 40.84 | OK | |
| r-release-linux-x86_64 | 0.0.1 | 13.21 | 26.91 | 40.12 | OK | |
| r-release-macos-arm64 | 0.0.1 | 4.00 | 19.00 | 23.00 | OK | |
| r-release-macos-x86_64 | 0.0.1 | 8.00 | 33.00 | 41.00 | OK | |
| r-release-windows-x86_64 | 0.0.1 | 15.00 | 59.00 | 74.00 | OK | |
| r-oldrel-macos-arm64 | 0.0.1 | 5.00 | 16.00 | 21.00 | OK | |
| r-oldrel-macos-x86_64 | 0.0.1 | 8.00 | 22.00 | 30.00 | OK | |
| r-oldrel-windows-x86_64 | 0.0.1 | 16.00 | 80.00 | 96.00 | OK | 
Version: 0.0.1
Check: CRAN incoming feasibility
Result: NOTE
  Maintainer: ‘Fabio Demarqui <fndemarqui@est.ufmg.br>’
  
  Package CITATION file contains call(s) to old-style personList() or
  as.personList().  Please use c() on person objects instead.
  Package CITATION file contains call(s) to old-style citEntry().  Please
  use bibentry() instead.
Flavors: r-devel-linux-x86_64-debian-clang, r-devel-linux-x86_64-debian-gcc