Last updated on 2024-07-18 01:55:38 CEST.
Flavor | Version | Tinstall | Tcheck | Ttotal | Status | Flags |
---|---|---|---|---|---|---|
r-devel-linux-x86_64-debian-clang | 1.0.2 | 179.34 | 85.86 | 265.20 | NOTE | |
r-devel-linux-x86_64-debian-gcc | 1.0.2 | 119.24 | 77.10 | 196.34 | NOTE | |
r-devel-linux-x86_64-fedora-clang | 1.0.2 | 385.75 | NOTE | |||
r-devel-linux-x86_64-fedora-gcc | 1.0.2 | 397.85 | NOTE | |||
r-devel-windows-x86_64 | 1.0.2 | 140.00 | 95.00 | 235.00 | NOTE | |
r-patched-linux-x86_64 | 1.0.2 | 151.46 | 94.32 | 245.78 | NOTE | |
r-release-linux-x86_64 | 1.0.2 | 147.08 | 94.44 | 241.52 | NOTE | |
r-release-macos-arm64 | 1.0.2 | 76.00 | NOTE | |||
r-release-macos-x86_64 | 1.0.2 | 85.00 | NOTE | |||
r-release-windows-x86_64 | 1.0.2 | 138.00 | 100.00 | 238.00 | NOTE | |
r-oldrel-macos-arm64 | 1.0.2 | 91.00 | NOTE | |||
r-oldrel-macos-x86_64 | 1.0.2 | 151.00 | NOTE | |||
r-oldrel-windows-x86_64 | 1.0.2 | 167.00 | 120.00 | 287.00 | NOTE |
Version: 1.0.2
Check: C++ specification
Result: NOTE
Specified C++11: please drop specification unless essential
Flavors: r-devel-linux-x86_64-debian-clang, r-devel-linux-x86_64-debian-gcc, r-devel-linux-x86_64-fedora-clang, r-devel-linux-x86_64-fedora-gcc, r-devel-windows-x86_64, r-patched-linux-x86_64, r-release-linux-x86_64, r-release-macos-arm64, r-release-macos-x86_64, r-release-windows-x86_64, r-oldrel-macos-arm64, r-oldrel-macos-x86_64, r-oldrel-windows-x86_64
Version: 1.0.2
Check: installed package size
Result: NOTE
installed size is 5.9Mb
sub-directories of 1Mb or more:
libs 5.7Mb
Flavors: r-release-macos-arm64, r-release-macos-x86_64, r-oldrel-macos-arm64, r-oldrel-macos-x86_64