Last updated on 2025-11-03 12:49:59 CET.
| Flavor | Version | Tinstall | Tcheck | Ttotal | Status | Flags |
|---|---|---|---|---|---|---|
| r-devel-linux-x86_64-debian-clang | 0.5.0 | 6.40 | 66.55 | 72.95 | OK | |
| r-devel-linux-x86_64-debian-gcc | 0.5.0 | 5.70 | 48.70 | 54.40 | OK | |
| r-devel-linux-x86_64-fedora-clang | 0.5.0 | 16.00 | 96.86 | 112.86 | NOTE | |
| r-devel-linux-x86_64-fedora-gcc | 0.5.0 | 15.00 | 92.21 | 107.21 | NOTE | |
| r-devel-windows-x86_64 | 0.5.0 | 9.00 | 79.00 | 88.00 | OK | |
| r-patched-linux-x86_64 | 0.5.0 | 7.10 | 61.45 | 68.55 | OK | |
| r-release-linux-x86_64 | 0.5.0 | 6.20 | 62.45 | 68.65 | OK | |
| r-release-macos-arm64 | 0.5.0 | 3.00 | 26.00 | 29.00 | OK | |
| r-release-macos-x86_64 | 0.5.0 | 9.00 | 49.00 | 58.00 | OK | |
| r-release-windows-x86_64 | 0.5.0 | 9.00 | 74.00 | 83.00 | OK | |
| r-oldrel-macos-arm64 | 0.5.0 | 3.00 | 27.00 | 30.00 | OK | |
| r-oldrel-macos-x86_64 | 0.5.0 | 4.00 | 41.00 | 45.00 | OK | |
| r-oldrel-windows-x86_64 | 0.5.0 | 12.00 | 112.00 | 124.00 | OK |
Version: 0.5.0
Check: dependencies in R code
Result: NOTE
Namespace in Imports field not imported from: ‘rms’
All declared Imports should be used.
Flavors: r-devel-linux-x86_64-fedora-clang, r-devel-linux-x86_64-fedora-gcc