Last updated on 2024-06-14 13:56:27 CEST.
Flavor | Version | Tinstall | Tcheck | Ttotal | Status | Flags |
---|---|---|---|---|---|---|
r-devel-linux-x86_64-debian-clang | 1.1.0 | 2.58 | 29.25 | 31.83 | NOTE | |
r-devel-linux-x86_64-debian-gcc | 1.1.0 | 2.03 | 23.09 | 25.12 | NOTE | |
r-devel-linux-x86_64-fedora-clang | 1.1.0 | 41.00 | NOTE | |||
r-devel-linux-x86_64-fedora-gcc | 1.1.0 | 38.48 | NOTE | |||
r-devel-windows-x86_64 | 1.1.0 | 4.00 | 45.00 | 49.00 | NOTE | |
r-patched-linux-x86_64 | 1.1.0 | 2.17 | 27.74 | 29.91 | NOTE | |
r-release-linux-x86_64 | 1.1.0 | 2.20 | 28.34 | 30.54 | NOTE | |
r-release-macos-arm64 | 1.1.0 | 15.00 | NOTE | |||
r-release-macos-x86_64 | 1.1.0 | 24.00 | NOTE | |||
r-release-windows-x86_64 | 1.1.0 | 5.00 | 47.00 | 52.00 | NOTE | |
r-oldrel-macos-arm64 | 1.1.0 | 18.00 | OK | |||
r-oldrel-macos-x86_64 | 1.1.0 | 38.00 | OK | |||
r-oldrel-windows-x86_64 | 1.1.0 | 4.00 | 48.00 | 52.00 | OK |
Version: 1.1.0
Check: Rd files
Result: NOTE
checkRd: (-1) pcvpcr.Rd:42: Lost braces; missing escapes or markup?
42 | set {X, y} and cross-validation.
| ^
checkRd: (-1) pcvpls.Rd:42: Lost braces; missing escapes or markup?
42 | set {X, y} and cross-validation.
| ^
Flavors: r-devel-linux-x86_64-debian-clang, r-devel-linux-x86_64-debian-gcc, r-devel-linux-x86_64-fedora-clang, r-devel-linux-x86_64-fedora-gcc, r-devel-windows-x86_64, r-patched-linux-x86_64, r-release-linux-x86_64, r-release-macos-arm64, r-release-macos-x86_64, r-release-windows-x86_64