Last updated on 2024-07-01 01:49:07 CEST.
Flavor | Version | Tinstall | Tcheck | Ttotal | Status | Flags |
---|---|---|---|---|---|---|
r-devel-linux-x86_64-debian-clang | 4.3.5 | 116.28 | 57.10 | 173.38 | OK | |
r-devel-linux-x86_64-debian-gcc | 4.3.5 | 71.82 | 43.11 | 114.93 | OK | |
r-devel-linux-x86_64-fedora-clang | 4.3.5 | 242.63 | OK | |||
r-devel-linux-x86_64-fedora-gcc | 4.3.5 | 239.78 | OK | |||
r-devel-windows-x86_64 | 4.3.5 | 115.00 | 81.00 | 196.00 | OK | |
r-patched-linux-x86_64 | 4.3.5 | 84.86 | 54.35 | 139.21 | OK | |
r-release-linux-x86_64 | 4.3.5 | 86.00 | 53.39 | 139.39 | OK | |
r-release-macos-arm64 | 4.3.5 | 46.00 | NOTE | |||
r-release-macos-x86_64 | 4.3.5 | 56.00 | NOTE | |||
r-release-windows-x86_64 | 4.3.5 | 115.00 | 80.00 | 195.00 | OK | |
r-oldrel-macos-arm64 | 4.3.5 | 51.00 | NOTE | |||
r-oldrel-macos-x86_64 | 4.3.5 | 70.00 | NOTE | |||
r-oldrel-windows-x86_64 | 4.3.5 | 134.00 | 97.00 | 231.00 | OK |
Version: 4.3.5
Check: installed package size
Result: NOTE
installed size is 5.9Mb
sub-directories of 1Mb or more:
extdata 2.7Mb
libs 2.5Mb
Flavors: r-release-macos-arm64, r-release-macos-x86_64, r-oldrel-macos-arm64, r-oldrel-macos-x86_64