Last updated on 2024-06-14 13:56:27 CEST.
Flavor | Version | Tinstall | Tcheck | Ttotal | Status | Flags |
---|---|---|---|---|---|---|
r-devel-linux-x86_64-debian-clang | 0.2.3 | 25.96 | 135.62 | 161.58 | NOTE | |
r-devel-linux-x86_64-debian-gcc | 0.2.3 | 18.51 | 105.10 | 123.61 | NOTE | |
r-devel-linux-x86_64-fedora-clang | 0.2.3 | 212.68 | NOTE | |||
r-devel-linux-x86_64-fedora-gcc | 0.2.3 | 217.63 | NOTE | |||
r-devel-windows-x86_64 | 0.2.3 | 24.00 | 113.00 | 137.00 | NOTE | |
r-patched-linux-x86_64 | 0.2.3 | 24.97 | 132.84 | 157.81 | NOTE | |
r-release-linux-x86_64 | 0.2.3 | 16.27 | 130.71 | 146.98 | NOTE | |
r-release-macos-arm64 | 0.2.3 | 56.00 | NOTE | |||
r-release-macos-x86_64 | 0.2.3 | 85.00 | NOTE | |||
r-release-windows-x86_64 | 0.2.3 | 25.00 | 122.00 | 147.00 | NOTE | |
r-oldrel-macos-arm64 | 0.2.3 | 57.00 | NOTE | |||
r-oldrel-macos-x86_64 | 0.2.3 | 92.00 | NOTE | |||
r-oldrel-windows-x86_64 | 0.2.3 | 30.00 | 138.00 | 168.00 | NOTE |
Version: 0.2.3
Check: C++ specification
Result: NOTE
Specified C++11: please drop specification unless essential
Flavors: r-devel-linux-x86_64-debian-clang, r-devel-linux-x86_64-debian-gcc, r-devel-linux-x86_64-fedora-clang, r-devel-linux-x86_64-fedora-gcc, r-devel-windows-x86_64, r-patched-linux-x86_64, r-release-linux-x86_64, r-release-macos-arm64, r-release-macos-x86_64, r-release-windows-x86_64, r-oldrel-macos-arm64, r-oldrel-macos-x86_64, r-oldrel-windows-x86_64
Version: 0.2.3
Check: compiled code
Result: NOTE
File ‘particles/libs/particles.so’:
Found non-API calls to R: ‘SETLENGTH’, ‘SET_TRUELENGTH’
Compiled code should not call non-API entry points in R.
See ‘Writing portable packages’ in the ‘Writing R Extensions’ manual.
Flavors: r-devel-linux-x86_64-debian-clang, r-devel-linux-x86_64-debian-gcc
Version: 0.2.3
Check: compiled code
Result: NOTE
File ‘particles/libs/particles.so’:
Found non-API calls to R: ‘SETLENGTH’, ‘SET_GROWABLE_BIT’,
‘SET_TRUELENGTH’
Compiled code should not call non-API entry points in R.
See ‘Writing portable packages’ in the ‘Writing R Extensions’ manual.
Flavors: r-devel-linux-x86_64-fedora-clang, r-devel-linux-x86_64-fedora-gcc
Version: 0.2.3
Check: compiled code
Result: NOTE
File 'particles/libs/x64/particles.dll':
Found non-API calls to R: 'SETLENGTH', 'SET_TRUELENGTH'
Compiled code should not call non-API entry points in R.
See 'Writing portable packages' in the 'Writing R Extensions' manual.
Flavor: r-devel-windows-x86_64