Last updated on 2025-11-03 12:49:59 CET.
| Flavor | Version | Tinstall | Tcheck | Ttotal | Status | Flags | 
|---|---|---|---|---|---|---|
| r-devel-linux-x86_64-debian-clang | 1.0.1 | 1.75 | 27.78 | 29.53 | NOTE | |
| r-devel-linux-x86_64-debian-gcc | 1.0.1 | 1.47 | 22.25 | 23.72 | NOTE | |
| r-devel-linux-x86_64-fedora-clang | 1.0.1 | 43.27 | OK | |||
| r-devel-linux-x86_64-fedora-gcc | 1.0.1 | 56.18 | OK | |||
| r-devel-windows-x86_64 | 1.0.1 | 3.00 | 51.00 | 54.00 | OK | |
| r-patched-linux-x86_64 | 1.0.1 | 1.75 | 25.97 | 27.72 | OK | |
| r-release-linux-x86_64 | 1.0.1 | 1.86 | 26.26 | 28.12 | OK | |
| r-release-macos-arm64 | 1.0.1 | 1.00 | 24.00 | 25.00 | OK | |
| r-release-macos-x86_64 | 1.0.1 | 2.00 | 41.00 | 43.00 | OK | |
| r-release-windows-x86_64 | 1.0.1 | 3.00 | 49.00 | 52.00 | OK | |
| r-oldrel-macos-arm64 | 1.0.1 | 1.00 | 22.00 | 23.00 | OK | |
| r-oldrel-macos-x86_64 | 1.0.1 | 2.00 | 32.00 | 34.00 | OK | |
| r-oldrel-windows-x86_64 | 1.0.1 | 4.00 | 54.00 | 58.00 | OK | 
Version: 1.0.1
Check: CRAN incoming feasibility
Result: NOTE
  Maintainer: ‘Andreas Schulz <ades-s@web.de>’
  
  No Authors@R field in DESCRIPTION.
  Please add one, modifying
    Authors@R: person(given = "Andreas",
                      family = "Schulz",
                      role = c("aut", "cre"),
                      email = "ades-s@web.de")
  as necessary.
Flavors: r-devel-linux-x86_64-debian-clang, r-devel-linux-x86_64-debian-gcc